Last updated on 2025-10-22 05:51:16 CEST.
Flavor | Version | Tinstall | Tcheck | Ttotal | Status | Flags |
---|---|---|---|---|---|---|
r-devel-linux-x86_64-debian-clang | 1.4.3 | 15.50 | 208.77 | 224.27 | NOTE | |
r-devel-linux-x86_64-debian-gcc | 1.4.3 | 13.85 | 160.15 | 174.00 | NOTE | |
r-devel-linux-x86_64-fedora-clang | 1.4.3 | 97.00 | 284.82 | 381.82 | OK | |
r-devel-linux-x86_64-fedora-gcc | 1.4.3 | 36.00 | 328.91 | 364.91 | OK | |
r-devel-windows-x86_64 | 1.4.3 | 22.00 | 466.00 | 488.00 | OK | |
r-patched-linux-x86_64 | 1.4.3 | 23.80 | 198.20 | 222.00 | OK | |
r-release-linux-x86_64 | 1.4.3 | 18.68 | 199.18 | 217.86 | OK | |
r-release-macos-arm64 | 1.4.3 | 17.00 | 214.00 | 231.00 | OK | |
r-release-macos-x86_64 | 1.4.3 | 18.00 | 250.00 | 268.00 | OK | |
r-release-windows-x86_64 | 1.4.3 | 23.00 | 343.00 | 366.00 | OK | |
r-oldrel-macos-arm64 | 1.4.3 | 16.00 | 207.00 | 223.00 | OK | |
r-oldrel-macos-x86_64 | 1.4.3 | 18.00 | 263.00 | 281.00 | OK | |
r-oldrel-windows-x86_64 | 1.4.3 | 26.00 | 335.00 | 361.00 | OK |
Version: 1.4.3
Check: HTML version of manual
Result: NOTE
Found the following HTML validation problems:
as_grid_size.html:69:1 (as_grid_size.Rd:26): Warning: missing </ul> before </div>
facet_grid_layout.html:168:1 (facet_grid_layout.Rd:89): Warning: missing </ul> before </div>
facet_separate_layout.html:85:1 (facet_separate_layout.Rd:35): Warning: missing </ul> before </div>
facet_wrap_layout.html:172:1 (facet_wrap_layout.Rd:91): Warning: missing </ul> before </div>
l_after_idle.html:51:1 (l_after_idle.Rd:10): Warning: missing </ul> before </div>
l_graphswitch_ids.html:48:1 (l_graphswitch_ids.Rd:10): Warning: missing </ul> before </div>
l_scaleto_active.html:47:1 (l_scaleto_active.Rd:10): Warning: missing </ul> before </div>
l_scaleto_plot.html:48:1 (l_scaleto_plot.Rd:10): Warning: missing </ul> before </div>
l_scaleto_selected.html:48:1 (l_scaleto_selected.Rd:10): Warning: missing </ul> before </div>
l_scaleto_world.html:48:1 (l_scaleto_world.Rd:10): Warning: missing </ul> before </div>
l_zoom.html:52:1 (l_zoom.Rd:12): Warning: missing </ul> before </div>
print.measures1d.html:52:1 (print.measures1d.Rd:12): Warning: missing </ul> before </div>
print.measures2d.html:52:1 (print.measures2d.Rd:12): Warning: missing </ul> before </div>
Flavors: r-devel-linux-x86_64-debian-clang, r-devel-linux-x86_64-debian-gcc