Last updated on 2025-10-22 05:51:16 CEST.
Flavor | Version | Tinstall | Tcheck | Ttotal | Status | Flags |
---|---|---|---|---|---|---|
r-devel-linux-x86_64-debian-clang | 0.1.6 | 23.16 | 455.65 | 478.81 | NOTE | |
r-devel-linux-x86_64-debian-gcc | 0.1.6 | 12.88 | 246.15 | 259.03 | NOTE | |
r-devel-linux-x86_64-fedora-clang | 0.1.6 | 49.00 | 794.28 | 843.28 | OK | |
r-devel-linux-x86_64-fedora-gcc | 0.1.6 | 46.00 | 723.80 | 769.80 | OK | |
r-devel-windows-x86_64 | 0.1.6 | 28.00 | 381.00 | 409.00 | OK | |
r-patched-linux-x86_64 | 0.1.6 | 20.71 | 434.97 | 455.68 | OK | |
r-release-linux-x86_64 | 0.1.6 | 20.77 | 433.77 | 454.54 | OK | |
r-release-macos-arm64 | 0.1.6 | 13.00 | 163.00 | 176.00 | OK | |
r-release-macos-x86_64 | 0.1.6 | 15.00 | 332.00 | 347.00 | OK | |
r-release-windows-x86_64 | 0.1.6 | 27.00 | 376.00 | 403.00 | OK | |
r-oldrel-macos-arm64 | 0.1.6 | 8.00 | 137.00 | 145.00 | OK | |
r-oldrel-macos-x86_64 | 0.1.6 | 14.00 | 289.00 | 303.00 | OK | |
r-oldrel-windows-x86_64 | 0.1.6 | 32.00 | 563.00 | 595.00 | OK |
Version: 0.1.6
Check: HTML version of manual
Result: NOTE
Found the following HTML validation problems:
c_x.html:66:1 (c_x.Rd:20): Warning: missing </ul> before </div>
mvec.html:51:1 (mvec.Rd:12): Warning: missing </ul> before </div>
normal_dgps.html:58:1 (normal_dgps.Rd:16): Warning: missing </ul> before </div>
Flavors: r-devel-linux-x86_64-debian-clang, r-devel-linux-x86_64-debian-gcc