Last updated on 2025-10-22 05:51:16 CEST.
Flavor | Version | Tinstall | Tcheck | Ttotal | Status | Flags |
---|---|---|---|---|---|---|
r-devel-linux-x86_64-debian-clang | 0.2.5 | 86.79 | 206.90 | 293.69 | NOTE | |
r-devel-linux-x86_64-debian-gcc | 0.2.5 | 56.11 | 136.39 | 192.50 | NOTE | |
r-devel-linux-x86_64-fedora-clang | 0.2.5 | 171.00 | 344.36 | 515.36 | OK | |
r-devel-linux-x86_64-fedora-gcc | 0.2.5 | 109.00 | 369.61 | 478.61 | OK | |
r-devel-windows-x86_64 | 0.2.5 | 118.00 | 355.00 | 473.00 | OK | |
r-patched-linux-x86_64 | 0.2.5 | 92.86 | 195.72 | 288.58 | OK | |
r-release-linux-x86_64 | 0.2.5 | 89.08 | 192.96 | 282.04 | OK | |
r-release-macos-arm64 | 0.2.5 | 31.00 | 146.00 | 177.00 | OK | |
r-release-macos-x86_64 | 0.2.5 | 42.00 | 368.00 | 410.00 | OK | |
r-release-windows-x86_64 | 0.2.5 | 100.00 | 315.00 | 415.00 | OK | |
r-oldrel-macos-arm64 | 0.2.5 | 31.00 | 146.00 | 177.00 | NOTE | |
r-oldrel-macos-x86_64 | 0.2.5 | 36.00 | 350.00 | 386.00 | NOTE | |
r-oldrel-windows-x86_64 | 0.2.5 | 124.00 | 428.00 | 552.00 | OK |
Version: 0.2.5
Check: HTML version of manual
Result: NOTE
Found the following HTML validation problems:
plot.lpirfs_lin_iv_obj.html:51:1 (plot.lpirfs_lin_iv_obj.Rd:12): Warning: missing </ul> before </div>
plot.lpirfs_lin_obj.html:51:1 (plot.lpirfs_lin_obj.Rd:12): Warning: missing </ul> before </div>
plot.lpirfs_lin_panel_obj.html:51:1 (plot.lpirfs_lin_panel_obj.Rd:12): Warning: missing </ul> before </div>
plot.lpirfs_nl_iv_obj.html:51:1 (plot.lpirfs_nl_iv_obj.Rd:12): Warning: missing </ul> before </div>
plot.lpirfs_nl_obj.html:51:1 (plot.lpirfs_nl_obj.Rd:12): Warning: missing </ul> before </div>
plot.lpirfs_nl_panel_obj.html:51:1 (plot.lpirfs_nl_panel_obj.Rd:12): Warning: missing </ul> before </div>
summary.lpirfs_lin_iv_obj.html:51:1 (summary.lpirfs_lin_iv_obj.Rd:12): Warning: missing </ul> before </div>
summary.lpirfs_lin_obj.html:51:1 (summary.lpirfs_lin_obj.Rd:12): Warning: missing </ul> before </div>
summary.lpirfs_lin_panel_obj.html:51:1 (summary.lpirfs_lin_panel_obj.Rd:12): Warning: missing </ul> before </div>
summary.lpirfs_nl_iv_obj.html:51:1 (summary.lpirfs_nl_iv_obj.Rd:12): Warning: missing </ul> before </div>
summary.lpirfs_nl_obj.html:51:1 (summary.lpirfs_nl_obj.Rd:12): Warning: missing </ul> before </div>
summary.lpirfs_nl_panel_obj.html:51:1 (summary.lpirfs_nl_panel_obj.Rd:12): Warning: missing </ul> before </div>
Flavors: r-devel-linux-x86_64-debian-clang, r-devel-linux-x86_64-debian-gcc
Version: 0.2.5
Check: installed package size
Result: NOTE
installed size is 5.1Mb
sub-directories of 1Mb or more:
libs 3.8Mb
Flavors: r-oldrel-macos-arm64, r-oldrel-macos-x86_64