Last updated on 2025-10-24 04:50:57 CEST.
| Flavor | Version | Tinstall | Tcheck | Ttotal | Status | Flags |
|---|---|---|---|---|---|---|
| r-devel-linux-x86_64-debian-clang | 0.1.0 | 2.97 | 48.22 | 51.19 | OK | |
| r-devel-linux-x86_64-debian-gcc | 0.1.0 | 2.13 | 36.34 | 38.47 | OK | |
| r-devel-linux-x86_64-fedora-clang | 0.1.0 | 78.76 | NOTE | |||
| r-devel-linux-x86_64-fedora-gcc | 0.1.0 | 89.74 | NOTE | |||
| r-devel-windows-x86_64 | 0.1.0 | 5.00 | 91.00 | 96.00 | OK | |
| r-patched-linux-x86_64 | 0.1.0 | 3.25 | 45.67 | 48.92 | OK | |
| r-release-linux-x86_64 | 0.1.0 | 2.80 | 44.63 | 47.43 | OK | |
| r-release-macos-arm64 | 0.1.0 | 2.00 | 53.00 | 55.00 | OK | |
| r-release-macos-x86_64 | 0.1.0 | 2.00 | 55.00 | 57.00 | OK | |
| r-release-windows-x86_64 | 0.1.0 | 4.00 | 68.00 | 72.00 | OK | |
| r-oldrel-macos-arm64 | 0.1.0 | 1.00 | 31.00 | 32.00 | OK | |
| r-oldrel-macos-x86_64 | 0.1.0 | 3.00 | 44.00 | 47.00 | OK | |
| r-oldrel-windows-x86_64 | 0.1.0 | 5.00 | 79.00 | 84.00 | OK |
Version: 0.1.0
Check: dependencies in R code
Result: NOTE
Namespace in Imports field not imported from: ‘knitr’
All declared Imports should be used.
Flavors: r-devel-linux-x86_64-fedora-clang, r-devel-linux-x86_64-fedora-gcc