CRAN Package Check Results for Package ltsspca

Last updated on 2025-10-22 05:51:16 CEST.

Flavor Version Tinstall Tcheck Ttotal Status Flags
r-devel-linux-x86_64-debian-clang 0.1.0 61.06 136.58 197.64 WARN
r-devel-linux-x86_64-debian-gcc 0.1.0 38.62 97.15 135.77 WARN
r-devel-linux-x86_64-fedora-clang 0.1.0 193.00 152.50 345.50 NOTE
r-devel-linux-x86_64-fedora-gcc 0.1.0 84.00 255.17 339.17 NOTE
r-devel-windows-x86_64 0.1.0 67.00 204.00 271.00 NOTE
r-patched-linux-x86_64 0.1.0 58.52 132.75 191.27 NOTE
r-release-linux-x86_64 0.1.0 58.19 132.77 190.96 NOTE
r-release-macos-arm64 0.1.0 28.00 105.00 133.00 NOTE
r-release-macos-x86_64 0.1.0 21.00 165.00 186.00 NOTE
r-release-windows-x86_64 0.1.0 71.00 181.00 252.00 NOTE
r-oldrel-macos-arm64 0.1.0 22.00 82.00 104.00 NOTE
r-oldrel-macos-x86_64 0.1.0 18.00 123.00 141.00 NOTE
r-oldrel-windows-x86_64 0.1.0 83.00 232.00 315.00 NOTE

Check Details

Version: 0.1.0
Check: whether package can be installed
Result: WARN Found the following significant warnings: /home/hornik/tmp/R.check/r-devel-clang/Work/build/Packages/RcppArmadillo/include/RcppArmadillo/version/arma.h:66:17: warning: Using fallback compilation with Armadillo 14.6.3. Please consider defining -DARMA_USE_CURRENT and also removing C++11 compilation directive. See GitHub issue #475 for more. [-W#pragma-messages] See ‘/home/hornik/tmp/R.check/r-devel-clang/Work/PKGS/ltsspca.Rcheck/00install.out’ for details. * used C++ compiler: ‘Debian clang version 19.1.7 (7)’ Flavor: r-devel-linux-x86_64-debian-clang

Version: 0.1.0
Check: C++ specification
Result: NOTE Specified C++11: please drop specification unless essential Flavors: r-devel-linux-x86_64-debian-clang, r-devel-linux-x86_64-debian-gcc, r-devel-linux-x86_64-fedora-clang, r-devel-linux-x86_64-fedora-gcc, r-devel-windows-x86_64, r-patched-linux-x86_64, r-release-linux-x86_64, r-release-macos-arm64, r-release-macos-x86_64, r-release-windows-x86_64, r-oldrel-macos-arm64, r-oldrel-macos-x86_64, r-oldrel-windows-x86_64

Version: 0.1.0
Check: whether package can be installed
Result: WARN Found the following significant warnings: /home/hornik/tmp/R.check/r-devel-gcc/Work/build/Packages/RcppArmadillo/include/RcppArmadillo/version/arma.h:66:199: note: ‘#pragma message: Using fallback compilation with Armadillo 14.6.3. Please consider defining -DARMA_USE_CURRENT and also removing C++11 compilation directive. See GitHub issue #475 for more.’ See ‘/home/hornik/tmp/R.check/r-devel-gcc/Work/PKGS/ltsspca.Rcheck/00install.out’ for details. * used C++ compiler: ‘g++-15 (Debian 15.2.0-4) 15.2.0’ Flavor: r-devel-linux-x86_64-debian-gcc