Last updated on 2025-10-24 04:50:57 CEST.
| Flavor | Version | Tinstall | Tcheck | Ttotal | Status | Flags |
|---|---|---|---|---|---|---|
| r-devel-linux-x86_64-debian-clang | 0.1.0 | 1.50 | 25.75 | 27.25 | NOTE | |
| r-devel-linux-x86_64-debian-gcc | 0.1.0 | 1.37 | 21.63 | 23.00 | OK | |
| r-devel-linux-x86_64-fedora-clang | 0.1.0 | 41.48 | OK | |||
| r-devel-linux-x86_64-fedora-gcc | 0.1.0 | 52.41 | OK | |||
| r-devel-windows-x86_64 | 0.1.0 | 3.00 | 45.00 | 48.00 | OK | |
| r-patched-linux-x86_64 | 0.1.0 | 1.86 | 23.34 | 25.20 | OK | |
| r-release-linux-x86_64 | 0.1.0 | 1.64 | 23.22 | 24.86 | OK | |
| r-release-macos-arm64 | 0.1.0 | 1.00 | 31.00 | 32.00 | OK | |
| r-release-macos-x86_64 | 0.1.0 | 2.00 | 39.00 | 41.00 | OK | |
| r-release-windows-x86_64 | 0.1.0 | 3.00 | 50.00 | 53.00 | OK | |
| r-oldrel-macos-arm64 | 0.1.0 | 1.00 | 21.00 | 22.00 | OK | |
| r-oldrel-macos-x86_64 | 0.1.0 | 2.00 | 32.00 | 34.00 | OK | |
| r-oldrel-windows-x86_64 | 0.1.0 | 4.00 | 52.00 | 56.00 | OK |
Version: 0.1.0
Check: HTML version of manual
Result: NOTE
Found the following HTML validation problems:
magic_for.html:67:1 (magic_for.Rd:21): Warning: missing </ul> before </div>
put.html:50:1 (put.Rd:12): Warning: missing </ul> before </div>
Flavor: r-devel-linux-x86_64-debian-clang