Last updated on 2025-10-22 05:51:16 CEST.
Flavor | Version | Tinstall | Tcheck | Ttotal | Status | Flags |
---|---|---|---|---|---|---|
r-devel-linux-x86_64-debian-clang | 1.3.2 | 2.27 | 29.00 | 31.27 | NOTE | |
r-devel-linux-x86_64-debian-gcc | 1.3.2 | 2.09 | 23.69 | 25.78 | NOTE | |
r-devel-linux-x86_64-fedora-clang | 1.3.2 | 51.55 | OK | |||
r-devel-linux-x86_64-fedora-gcc | 1.3.2 | 60.10 | OK | |||
r-devel-windows-x86_64 | 1.3.2 | 7.00 | 87.00 | 94.00 | OK | |
r-patched-linux-x86_64 | 1.3.2 | 2.47 | 26.32 | 28.79 | OK | |
r-release-linux-x86_64 | 1.3.2 | 2.24 | 26.64 | 28.88 | OK | |
r-release-macos-arm64 | 1.3.2 | 2.00 | 29.00 | 31.00 | OK | |
r-release-macos-x86_64 | 1.3.2 | 3.00 | 51.00 | 54.00 | OK | |
r-release-windows-x86_64 | 1.3.2 | 8.00 | 87.00 | 95.00 | OK | |
r-oldrel-macos-arm64 | 1.3.2 | 3.00 | 39.00 | 42.00 | OK | |
r-oldrel-macos-x86_64 | 1.3.2 | 5.00 | 73.00 | 78.00 | OK | |
r-oldrel-windows-x86_64 | 1.3.2 | 10.00 | 94.00 | 104.00 | OK |
Version: 1.3.2
Check: HTML version of manual
Result: NOTE
Found the following HTML validation problems:
extra.html:46:1 (extra.Rd:10): Warning: missing </ul> before </div>
Flavors: r-devel-linux-x86_64-debian-clang, r-devel-linux-x86_64-debian-gcc