Last updated on 2025-10-22 05:51:16 CEST.
Flavor | Version | Tinstall | Tcheck | Ttotal | Status | Flags |
---|---|---|---|---|---|---|
r-devel-linux-x86_64-debian-clang | 0.9.5 | 28.18 | 334.89 | 363.07 | NOTE | |
r-devel-linux-x86_64-debian-gcc | 0.9.5 | 17.69 | 203.97 | 221.66 | NOTE | |
r-devel-linux-x86_64-fedora-clang | 0.9.5 | 325.00 | 319.30 | 644.30 | OK | |
r-devel-linux-x86_64-fedora-gcc | 0.9.5 | 61.00 | 495.14 | 556.14 | OK | |
r-devel-windows-x86_64 | 0.9.5 | 27.00 | 301.00 | 328.00 | OK | |
r-patched-linux-x86_64 | 0.9.5 | 28.05 | 315.78 | 343.83 | OK | |
r-release-linux-x86_64 | 0.9.5 | 25.33 | 316.49 | 341.82 | OK | |
r-release-macos-arm64 | 0.9.5 | 11.00 | 133.00 | 144.00 | OK | |
r-release-macos-x86_64 | 0.9.5 | 28.00 | 334.00 | 362.00 | OK | |
r-release-windows-x86_64 | 0.9.5 | 31.00 | 305.00 | 336.00 | OK | |
r-oldrel-macos-arm64 | 0.9.5 | 11.00 | 132.00 | 143.00 | OK | |
r-oldrel-macos-x86_64 | 0.9.5 | 28.00 | 320.00 | 348.00 | OK | |
r-oldrel-windows-x86_64 | 0.9.5 | 41.00 | 414.00 | 455.00 | OK |
Version: 0.9.5
Check: HTML version of manual
Result: NOTE
Found the following HTML validation problems:
check_available_years.html:55:1 (check_available_years.Rd:14): Warning: missing </ul> before </div>
Flavors: r-devel-linux-x86_64-debian-clang, r-devel-linux-x86_64-debian-gcc