CRAN Package Check Results for Package maq

Last updated on 2025-10-22 05:51:16 CEST.

Flavor Version Tinstall Tcheck Ttotal Status Flags
r-devel-linux-x86_64-debian-clang 0.6.0 22.56 28.43 50.99 NOTE
r-devel-linux-x86_64-debian-gcc 0.6.0 18.94 22.74 41.68 NOTE
r-devel-linux-x86_64-fedora-clang 0.6.0 100.00 -8.32 91.68 OK
r-devel-linux-x86_64-fedora-gcc 0.6.0 169.00 -69.41 99.59 OK
r-devel-windows-x86_64 0.6.0 27.00 68.00 95.00 OK
r-patched-linux-x86_64 0.6.0 26.92 26.80 53.72 OK
r-release-linux-x86_64 0.6.0 25.84 27.06 52.90 OK
r-release-macos-arm64 0.6.0 11.00 19.00 30.00 OK
r-release-macos-x86_64 0.6.0 19.00 29.00 48.00 OK
r-release-windows-x86_64 0.6.0 26.00 71.00 97.00 OK
r-oldrel-macos-arm64 0.6.0 12.00 20.00 32.00 NOTE
r-oldrel-macos-x86_64 0.6.0 19.00 30.00 49.00 NOTE
r-oldrel-windows-x86_64 0.6.0 27.00 83.00 110.00 NOTE

Check Details

Version: 0.6.0
Check: HTML version of manual
Result: NOTE Found the following HTML validation problems: print.maq.html:51:1 (print.maq.Rd:12): Warning: missing </ul> before </div> Flavors: r-devel-linux-x86_64-debian-clang, r-devel-linux-x86_64-debian-gcc

Version: 0.6.0
Check: installed package size
Result: NOTE installed size is 6.1Mb sub-directories of 1Mb or more: libs 6.0Mb Flavors: r-oldrel-macos-arm64, r-oldrel-macos-x86_64

Version: 0.6.0
Check: for GNU extensions in Makefiles
Result: NOTE GNU make is a SystemRequirements. Flavors: r-oldrel-macos-arm64, r-oldrel-macos-x86_64, r-oldrel-windows-x86_64