Last updated on 2025-07-22 08:48:36 CEST.
Flavor | Version | Tinstall | Tcheck | Ttotal | Status | Flags |
---|---|---|---|---|---|---|
r-devel-linux-x86_64-debian-clang | 0.1.4 | 44.59 | 134.20 | 178.79 | NOTE | |
r-devel-linux-x86_64-debian-gcc | 0.1.4 | 35.04 | 94.56 | 129.60 | NOTE | |
r-devel-linux-x86_64-fedora-clang | 0.1.4 | 277.69 | NOTE | |||
r-devel-linux-x86_64-fedora-gcc | 0.1.4 | 269.61 | NOTE | |||
r-devel-windows-x86_64 | 0.1.4 | 45.00 | 119.00 | 164.00 | NOTE | |
r-patched-linux-x86_64 | 0.1.4 | 44.17 | 124.29 | 168.46 | NOTE | |
r-release-linux-x86_64 | 0.1.4 | 42.56 | 124.09 | 166.65 | NOTE | |
r-release-macos-arm64 | 0.1.4 | 77.00 | NOTE | |||
r-release-macos-x86_64 | 0.1.4 | 147.00 | NOTE | |||
r-release-windows-x86_64 | 0.1.4 | 46.00 | 119.00 | 165.00 | NOTE | |
r-oldrel-macos-arm64 | 0.1.4 | 81.00 | OK | |||
r-oldrel-macos-x86_64 | 0.1.4 | 108.00 | OK | |||
r-oldrel-windows-x86_64 | 0.1.4 | 62.00 | 155.00 | 217.00 | OK |
Version: 0.1.4
Check: DESCRIPTION meta-information
Result: NOTE
Missing dependency on R >= 4.1.0 because package code uses the pipe
|> or function shorthand \(...) syntax added in R 4.1.0.
File(s) using such syntax:
‘data_analysis_descriptive.R’ ‘functions.R’ ‘main.R’
‘merge_quality_articles.R’
Flavors: r-devel-linux-x86_64-debian-clang, r-devel-linux-x86_64-debian-gcc, r-devel-linux-x86_64-fedora-clang, r-devel-linux-x86_64-fedora-gcc, r-devel-windows-x86_64, r-patched-linux-x86_64, r-release-linux-x86_64, r-release-macos-arm64, r-release-macos-x86_64, r-release-windows-x86_64