CRAN Package Check Results for Package marginaleffects

Last updated on 2025-10-22 05:51:16 CEST.

Flavor Version Tinstall Tcheck Ttotal Status Flags
r-devel-linux-x86_64-debian-clang 0.30.0 14.15 99.25 113.40 NOTE
r-devel-linux-x86_64-debian-gcc 0.30.0 9.47 65.03 74.50 NOTE
r-devel-linux-x86_64-fedora-clang 0.30.0 81.00 114.14 195.14 OK
r-devel-linux-x86_64-fedora-gcc 0.30.0 33.00 148.04 181.04 OK
r-devel-windows-x86_64 0.30.0 16.00 103.00 119.00 OK
r-patched-linux-x86_64 0.30.0 15.75 92.37 108.12 OK
r-release-linux-x86_64 0.30.0 13.75 92.41 106.16 OK
r-release-macos-arm64 0.30.0 6.00 84.00 90.00 OK
r-release-macos-x86_64 0.30.0 13.00 128.00 141.00 OK
r-release-windows-x86_64 0.30.0 16.00 104.00 120.00 OK
r-oldrel-macos-arm64 0.30.0 7.00 50.00 57.00 OK
r-oldrel-macos-x86_64 0.30.0 11.00 146.00 157.00 OK
r-oldrel-windows-x86_64 0.30.0 17.00 132.00 149.00 OK

Check Details

Version: 0.30.0
Check: HTML version of manual
Result: NOTE Found the following HTML validation problems: get_model_matrix.html:101:1 (get_model_matrix.Rd:34): Warning: missing </ul> before </div> Flavors: r-devel-linux-x86_64-debian-clang, r-devel-linux-x86_64-debian-gcc