Last updated on 2025-10-22 05:51:16 CEST.
Flavor | Version | Tinstall | Tcheck | Ttotal | Status | Flags |
---|---|---|---|---|---|---|
r-devel-linux-x86_64-debian-clang | 2.9-11 | 15.93 | 286.45 | 302.38 | NOTE | |
r-devel-linux-x86_64-debian-gcc | 2.9-11 | 10.72 | 193.98 | 204.70 | NOTE | |
r-devel-linux-x86_64-fedora-clang | 2.9-11 | 41.00 | 427.91 | 468.91 | OK | |
r-devel-linux-x86_64-fedora-gcc | 2.9-11 | 34.00 | 419.51 | 453.51 | OK | |
r-devel-windows-x86_64 | 2.9-11 | 19.00 | 141.00 | 160.00 | OK | --no-vignettes |
r-patched-linux-x86_64 | 2.9-11 | 15.95 | 277.27 | 293.22 | OK | |
r-release-linux-x86_64 | 2.9-11 | 14.94 | 274.75 | 289.69 | OK | |
r-release-macos-arm64 | 2.9-11 | 9.00 | 142.00 | 151.00 | OK | |
r-release-macos-x86_64 | 2.9-11 | 15.00 | 287.00 | 302.00 | OK | |
r-release-windows-x86_64 | 2.9-11 | 21.00 | 143.00 | 164.00 | OK | --no-vignettes |
r-oldrel-macos-arm64 | 2.9-11 | 8.00 | 133.00 | 141.00 | OK | |
r-oldrel-macos-x86_64 | 2.9-11 | 24.00 | 440.00 | 464.00 | OK | |
r-oldrel-windows-x86_64 | 2.9-11 | 25.00 | 147.00 | 172.00 | OK | --no-vignettes |
Version: 2.9-11
Check: top-level files
Result: NOTE
Found the following validation problem for the NEWS.Rd HTML conversion:
NEWS.html:43:1 (inst/NEWS.Rd:14): Warning: <h4> anchor "Bug-fixes" already defined
NEWS.html:61:1 (inst/NEWS.Rd:24): Warning: <h4> anchor "Bug-fixes" already defined
NEWS.html:76:1 (inst/NEWS.Rd:32): Warning: <h4> anchor "Bug-fixes" already defined
NEWS.html:94:1 (inst/NEWS.Rd:41): Warning: <h4> anchor "Bug-fixes" already defined
NEWS.html:109:1 (inst/NEWS.Rd:50): Warning: <h4> anchor "Bug-fixes" already defined
NEWS.html:127:1 (inst/NEWS.Rd:59): Warning: <h4> anchor "Bug-fixes" already defined
NEWS.html:172:1 (inst/NEWS.Rd:81): Warning: <h4> anchor "Bug-fixes" already defined
NEWS.html:193:1 (inst/NEWS.Rd:94): Warning: <h4> anchor "Bug-fixes" already defined
NEWS.html:209:1 (inst/NEWS.Rd:103): Warning: <h4> anchor "Bug-fixes" already defined
NEWS.html:233:1 (inst/NEWS.Rd:115): Warning: <h4> anchor "Miscellaneous" already defined
NEWS.html:248:1 (inst/NEWS.Rd:123): Warning: <h4> anchor "Bug-fixes" already defined
NEWS.html:264:1 (inst/NEWS.Rd:133): Warning: <h4> anchor "User-visible-changes" already defined
NEWS.html:296:1 (inst/NEWS.Rd:149): Warning: <h4> anchor "Bug-fixes" already defined
NEWS.html:323:1 (inst/NEWS.Rd:162): Warning: <h4> anchor "Miscellaneous" already defined
NEWS.html:345:1 (inst/NEWS.Rd:173): Warning: <h4> anchor "User-visible-changes" already defined
NEWS.html:358:1 (inst/NEWS.Rd:180): Warning: <h4> anchor "Miscellaneous" already defined
NEWS.html:383:1 (inst/NEWS.Rd:193): Warning: <h4> anchor "Bug-fixes" already defined
NEWS.html:399:1 (inst/NEWS.Rd:202): Warning: <h4> anchor "User-visible-changes" already defined
NEWS.html:441:1 (inst/NEWS.Rd:233): Warning: <h4> anchor "Miscellaneous" already defined
NEWS.html:473:1 (inst/NEWS.Rd:251): Warning: <h4> anchor "Bug-fixes" already defined
NEWS.html:509:1 (inst/NEWS.Rd:270): Warning: <h4> anchor "User-visible-changes" already defined
NEWS.html:548:1 (inst/NEWS.Rd:292): Warning: <h4> anchor "Miscellaneous" already defined
NEWS.html:579:1 (inst/NEWS.Rd:308): Warning: <h4> anchor "Bug-fixes" already defined
NEWS.html:612:1 (inst/NEWS.Rd:326): Warning: <h4> anchor "User-visible-changes" already defined
NEWS.html:640:1 (inst/NEWS.Rd:340): Warning: <h4> anchor "Miscellaneous" already defined
NEWS.html:678:1 (inst/NEWS.Rd:360): Warning: <h4> anchor "Bug-fixes" already defined
NEWS.html:706:1 (inst/NEWS.Rd:375): Warning: <h4> anchor "User-visible-changes" already defined
NEWS.html:749:1 (inst/NEWS.Rd:400): Warning: <h4> anchor "Miscellaneous" already defined
NEWS.html:777:1 (inst/NEWS.Rd:416): Warning: <h4> anchor "Bug-fixes" already defined
NEWS.html:816:1 (inst/NEWS.Rd:438): Warning: <h4> anchor "User-visible-changes" already defined
NEWS.html:829:1 (inst/NEWS.Rd:445): Warning: <h4> anchor "Miscellaneous" already defined
NEWS.html:840:1 (inst/NEWS.Rd:450): Warning: <h4> anchor "Bug-fixes" already defined
NEWS.html:864:1 (inst/NEWS.Rd:463): Warning: <h4> anchor "Miscellaneous" already defined
NEWS.html:892:1 (inst/NEWS.Rd:477): Warning: <h4> anchor "Bug-fixes" already defined
NEWS.html:915:1 (inst/NEWS.Rd:491): Warning: <h4> anchor "User-visible-changes" already defined
NEWS.html:941:1 (inst/NEWS.Rd:509): Warning: <h4> anchor "Miscellaneous" already defined
NEWS.html:964:1 (inst/NEWS.Rd:520): Warning: <h4> anchor "Bug-fixes" already defined
NEWS.html:986:1 (inst/NEWS.Rd:531): Warning: <h4> anchor "User-visible-changes" already defined
NEWS.html:1043:1 (inst/NEWS.Rd:560): Warning: <h4> anchor "Miscellaneous" already defined
NEWS.html:1069:1 (inst/NEWS.Rd:570): Warning: <h4> anchor "Bug-fixes" already defined
NEWS.html:1408:1 (inst/NEWS.Rd:742): Warning: <h4> anchor "Miscellaneous" already defined
Flavors: r-devel-linux-x86_64-debian-clang, r-devel-linux-x86_64-debian-gcc