Last updated on 2025-10-22 05:51:16 CEST.
Flavor | Version | Tinstall | Tcheck | Ttotal | Status | Flags |
---|---|---|---|---|---|---|
r-devel-linux-x86_64-debian-clang | 0.9.2 | 31.84 | 193.82 | 225.66 | NOTE | |
r-devel-linux-x86_64-debian-gcc | 0.9.2 | 19.17 | 124.09 | 143.26 | NOTE | |
r-devel-linux-x86_64-fedora-clang | 0.9.2 | 99.00 | 282.27 | 381.27 | OK | |
r-devel-linux-x86_64-fedora-gcc | 0.9.2 | 69.00 | 288.93 | 357.93 | OK | |
r-devel-windows-x86_64 | 0.9.2 | 41.00 | 274.00 | 315.00 | OK | |
r-patched-linux-x86_64 | 0.9.2 | 34.02 | 176.45 | 210.47 | OK | |
r-release-linux-x86_64 | 0.9.2 | 30.89 | 174.80 | 205.69 | OK | |
r-release-macos-arm64 | 0.9.2 | 13.00 | 106.00 | 119.00 | OK | |
r-release-macos-x86_64 | 0.9.2 | 16.00 | 194.00 | 210.00 | OK | |
r-release-windows-x86_64 | 0.9.2 | 42.00 | 275.00 | 317.00 | OK | |
r-oldrel-macos-arm64 | 0.9.2 | 12.00 | 114.00 | 126.00 | OK | |
r-oldrel-macos-x86_64 | 0.9.2 | 17.00 | 200.00 | 217.00 | OK | |
r-oldrel-windows-x86_64 | 0.9.2 | 49.00 | 314.00 | 363.00 | OK |
Version: 0.9.2
Check: HTML version of manual
Result: NOTE
Found the following HTML validation problems:
VaR.html:53:1 (VaR.Rd:15): Warning: missing </ul> before </div>
mclustAddons-internal.html:64:1 (mclustAddons-internal.Rd:28): Warning: missing </ul> before </div>
Flavors: r-devel-linux-x86_64-debian-clang, r-devel-linux-x86_64-debian-gcc