CRAN Package Check Results for Package mclustcomp

Last updated on 2025-07-19 08:48:40 CEST.

Flavor Version Tinstall Tcheck Ttotal Status Flags
r-devel-linux-x86_64-debian-clang 0.3.3 19.62 26.56 46.18 NOTE
r-devel-linux-x86_64-debian-gcc 0.3.3 13.21 21.75 34.96 NOTE
r-devel-linux-x86_64-fedora-clang 0.3.3 79.82 NOTE
r-devel-linux-x86_64-fedora-gcc 0.3.3 69.57 NOTE
r-devel-windows-x86_64 0.3.3 23.00 62.00 85.00 NOTE
r-patched-linux-x86_64 0.3.3 18.09 24.90 42.99 NOTE
r-release-linux-x86_64 0.3.3 17.45 24.67 42.12 NOTE
r-release-macos-arm64 0.3.3 29.00 NOTE
r-release-macos-x86_64 0.3.3 36.00 NOTE
r-release-windows-x86_64 0.3.3 23.00 63.00 86.00 NOTE
r-oldrel-macos-arm64 0.3.3 26.00 NOTE
r-oldrel-macos-x86_64 0.3.3 33.00 NOTE
r-oldrel-windows-x86_64 0.3.3 29.00 75.00 104.00 NOTE

Check Details

Version: 0.3.3
Check: C++ specification
Result: NOTE Specified C++11: please drop specification unless essential Flavors: r-devel-linux-x86_64-debian-clang, r-devel-linux-x86_64-debian-gcc, r-devel-linux-x86_64-fedora-clang, r-devel-linux-x86_64-fedora-gcc, r-devel-windows-x86_64, r-patched-linux-x86_64, r-release-linux-x86_64, r-release-macos-arm64, r-release-macos-x86_64, r-release-windows-x86_64, r-oldrel-macos-arm64, r-oldrel-macos-x86_64, r-oldrel-windows-x86_64