Last updated on 2025-10-22 05:51:16 CEST.
Flavor | Version | Tinstall | Tcheck | Ttotal | Status | Flags |
---|---|---|---|---|---|---|
r-devel-linux-x86_64-debian-clang | 0.6.2 | 6.18 | 82.24 | 88.42 | NOTE | |
r-devel-linux-x86_64-debian-gcc | 0.6.2 | 4.54 | 58.81 | 63.35 | NOTE | |
r-devel-linux-x86_64-fedora-clang | 0.6.2 | 17.00 | 120.65 | 137.65 | OK | |
r-devel-linux-x86_64-fedora-gcc | 0.6.2 | 13.00 | 111.09 | 124.09 | OK | |
r-devel-windows-x86_64 | 0.6.2 | 10.00 | 105.00 | 115.00 | OK | |
r-patched-linux-x86_64 | 0.6.2 | 8.45 | 76.14 | 84.59 | OK | |
r-release-linux-x86_64 | 0.6.2 | 6.11 | 77.07 | 83.18 | OK | |
r-release-macos-arm64 | 0.6.2 | 5.00 | 54.00 | 59.00 | OK | |
r-release-macos-x86_64 | 0.6.2 | 5.00 | 66.00 | 71.00 | OK | |
r-release-windows-x86_64 | 0.6.2 | 10.00 | 106.00 | 116.00 | OK | |
r-oldrel-macos-arm64 | 0.6.2 | 3.00 | 41.00 | 44.00 | OK | |
r-oldrel-macos-x86_64 | 0.6.2 | 6.00 | 68.00 | 74.00 | OK | |
r-oldrel-windows-x86_64 | 0.6.2 | 12.00 | 128.00 | 140.00 | OK |
Version: 0.6.2
Check: HTML version of manual
Result: NOTE
Found the following HTML validation problems:
params.html:144:1 (params.Rd:61): Warning: missing </ul> before </div>
Flavors: r-devel-linux-x86_64-debian-clang, r-devel-linux-x86_64-debian-gcc