Last updated on 2025-07-21 08:50:09 CEST.
Flavor | Version | Tinstall | Tcheck | Ttotal | Status | Flags |
---|---|---|---|---|---|---|
r-devel-linux-x86_64-debian-clang | 0.7.9 | 91.28 | 382.60 | 473.88 | OK | |
r-devel-linux-x86_64-debian-gcc | 0.7.9 | 71.68 | 277.23 | 348.91 | OK | |
r-devel-linux-x86_64-fedora-clang | 0.7.9 | 782.62 | OK | |||
r-devel-linux-x86_64-fedora-gcc | 0.7.9 | 792.93 | OK | |||
r-devel-windows-x86_64 | 0.7.9 | 102.00 | 393.00 | 495.00 | OK | |
r-patched-linux-x86_64 | 0.7.9 | 100.90 | 362.56 | 463.46 | OK | |
r-release-linux-x86_64 | 0.7.9 | 90.73 | 366.40 | 457.13 | OK | |
r-release-macos-arm64 | 0.7.9 | 225.00 | OK | |||
r-release-macos-x86_64 | 0.7.9 | 392.00 | OK | |||
r-release-windows-x86_64 | 0.7.9 | 100.00 | 398.00 | 498.00 | OK | |
r-oldrel-macos-arm64 | 0.7.9 | 217.00 | NOTE | |||
r-oldrel-macos-x86_64 | 0.7.9 | 430.00 | NOTE | |||
r-oldrel-windows-x86_64 | 0.7.9 | 125.00 | 527.00 | 652.00 | OK |
Version: 0.7.9
Check: installed package size
Result: NOTE
installed size is 22.3Mb
sub-directories of 1Mb or more:
R 2.0Mb
libs 19.8Mb
Flavors: r-oldrel-macos-arm64, r-oldrel-macos-x86_64