CRAN Package Check Results for Package mde

Last updated on 2025-10-22 05:51:16 CEST.

Flavor Version Tinstall Tcheck Ttotal Status Flags
r-devel-linux-x86_64-debian-clang 0.3.2 4.75 59.01 63.76 NOTE
r-devel-linux-x86_64-debian-gcc 0.3.2 3.15 45.65 48.80 NOTE
r-devel-linux-x86_64-fedora-clang 0.3.2 13.00 90.78 103.78 OK
r-devel-linux-x86_64-fedora-gcc 0.3.2 107.44 OK
r-devel-windows-x86_64 0.3.2 6.00 81.00 87.00 OK
r-patched-linux-x86_64 0.3.2 4.09 55.88 59.97 OK
r-release-linux-x86_64 0.3.2 4.19 55.60 59.79 OK
r-release-macos-arm64 0.3.2 2.00 39.00 41.00 OK
r-release-macos-x86_64 0.3.2 4.00 71.00 75.00 OK
r-release-windows-x86_64 0.3.2 7.00 83.00 90.00 OK
r-oldrel-macos-arm64 0.3.2 2.00 36.00 38.00 OK
r-oldrel-macos-x86_64 0.3.2 3.00 57.00 60.00 OK
r-oldrel-windows-x86_64 0.3.2 8.00 97.00 105.00 OK

Check Details

Version: 0.3.2
Check: HTML version of manual
Result: NOTE Found the following HTML validation problems: custom_na_recode.html:75:1 (custom_na_recode.Rd:33): Warning: missing </ul> before </div> recode_helper.html:78:1 (recode_helper.Rd:30): Warning: missing </ul> before </div> recode_selectors.html:74:1 (recode_selectors.Rd:28): Warning: missing </ul> before </div> Flavors: r-devel-linux-x86_64-debian-clang, r-devel-linux-x86_64-debian-gcc