CRAN Package Check Results for Package medflex

Last updated on 2025-07-21 08:50:09 CEST.

Flavor Version Tinstall Tcheck Ttotal Status Flags
r-devel-linux-x86_64-debian-clang 0.6-10 7.55 87.59 95.14 NOTE
r-devel-linux-x86_64-debian-gcc 0.6-10 6.11 65.64 71.75 NOTE
r-devel-linux-x86_64-fedora-clang 0.6-10 157.24 OK
r-devel-linux-x86_64-fedora-gcc 0.6-10 165.39 OK
r-devel-windows-x86_64 0.6-10 10.00 128.00 138.00 NOTE
r-patched-linux-x86_64 0.6-10 8.25 82.79 91.04 NOTE
r-release-linux-x86_64 0.6-10 7.56 83.55 91.11 NOTE
r-release-macos-arm64 0.6-10 52.00 OK
r-release-macos-x86_64 0.6-10 102.00 OK
r-release-windows-x86_64 0.6-10 11.00 126.00 137.00 NOTE
r-oldrel-macos-arm64 0.6-10 53.00 OK
r-oldrel-macos-x86_64 0.6-10 87.00 OK
r-oldrel-windows-x86_64 0.6-10 13.00 148.00 161.00 OK

Check Details

Version: 0.6-10
Check: Rd cross-references
Result: NOTE Found the following Rd file(s) with Rd \link{} targets missing package anchors: neLht-methods.Rd: coef.glht neLht.Rd: coef.glht Please provide package anchors for all Rd \link{} targets not in the package itself and the base packages. Flavors: r-devel-linux-x86_64-debian-clang, r-devel-linux-x86_64-debian-gcc, r-devel-windows-x86_64, r-patched-linux-x86_64, r-release-linux-x86_64, r-release-windows-x86_64