Last updated on 2025-10-22 05:51:16 CEST.
Flavor | Version | Tinstall | Tcheck | Ttotal | Status | Flags |
---|---|---|---|---|---|---|
r-devel-linux-x86_64-debian-clang | 1.0.2 | 35.84 | 46.28 | 82.12 | NOTE | |
r-devel-linux-x86_64-debian-gcc | 1.0.2 | 23.75 | 33.73 | 57.48 | NOTE | |
r-devel-linux-x86_64-fedora-clang | 1.0.2 | 122.00 | 27.85 | 149.85 | NOTE | |
r-devel-linux-x86_64-fedora-gcc | 1.0.2 | 79.00 | 50.31 | 129.31 | NOTE | |
r-devel-windows-x86_64 | 1.0.2 | 50.00 | 75.00 | 125.00 | NOTE | |
r-patched-linux-x86_64 | 1.0.2 | 35.52 | 41.80 | 77.32 | NOTE | |
r-release-linux-x86_64 | 1.0.2 | 35.56 | 42.15 | 77.71 | NOTE | |
r-release-macos-arm64 | 1.0.2 | 17.00 | 23.00 | 40.00 | NOTE | |
r-release-macos-x86_64 | 1.0.2 | 19.00 | 49.00 | 68.00 | NOTE | |
r-release-windows-x86_64 | 1.0.2 | 52.00 | 79.00 | 131.00 | NOTE | |
r-oldrel-macos-arm64 | 1.0.2 | 13.00 | 22.00 | 35.00 | OK | |
r-oldrel-macos-x86_64 | 1.0.2 | 13.00 | 35.00 | 48.00 | OK | |
r-oldrel-windows-x86_64 | 1.0.2 | 59.00 | 96.00 | 155.00 | OK |
Version: 1.0.2
Check: Rd cross-references
Result: NOTE
Found the following Rd file(s) with Rd \link{} targets missing package
anchors:
melt_delim.Rd: tibble
melt_delim_chunked.Rd: tibble
melt_fwf.Rd: tibble
melt_table.Rd: tibble
Please provide package anchors for all Rd \link{} targets not in the
package itself and the base packages.
Flavors: r-devel-linux-x86_64-debian-clang, r-devel-linux-x86_64-debian-gcc, r-devel-windows-x86_64, r-patched-linux-x86_64, r-release-linux-x86_64, r-release-windows-x86_64
Version: 1.0.2
Check: compiled code
Result: NOTE
File ‘meltr/libs/meltr.so’:
Found non-API calls to R: ‘SETLENGTH’, ‘SET_GROWABLE_BIT’,
‘SET_TRUELENGTH’
Compiled code should not call non-API entry points in R.
See ‘Writing portable packages’ in the ‘Writing R Extensions’ manual,
and section ‘Moving into C API compliance’ for issues with the use of
non-API entry points.
Flavors: r-devel-linux-x86_64-debian-clang, r-devel-linux-x86_64-debian-gcc, r-devel-linux-x86_64-fedora-clang, r-devel-linux-x86_64-fedora-gcc, r-patched-linux-x86_64, r-release-linux-x86_64, r-release-macos-arm64, r-release-macos-x86_64
Version: 1.0.2
Check: HTML version of manual
Result: NOTE
Found the following HTML validation problems:
callback.html:97:1 (callback.Rd:55): Warning: <h5> anchor "Usage" already defined
callback.html:111:1 (callback.Rd:64): Warning: <h5> anchor "Usage" already defined
callback.html:125:1 (callback.Rd:73): Warning: <h5> anchor "Usage" already defined
callback.html:139:1 (callback.Rd:82): Warning: <h5> anchor "Usage" already defined
callback.html:155:1 (callback.Rd:92): Warning: <h5> anchor "Usage" already defined
callback.html:181:1 (callback.Rd:108): Warning: <h3> anchor "Methods" already defined
callback.html:185:1 (callback.Rd:109): Warning: <h4> anchor "Public-methods" already defined
callback.html:216:1 (callback.Rd:128): Warning: <h4> anchor "Method-+E2+80+98new+28+29+E2+80+99" already defined
callback.html:220:1 (callback.Rd:129): Warning: <h5> anchor "Usage" already defined
callback.html:230:1 (callback.Rd:137): Warning: <h4> anchor "Method-+E2+80+98receive+28+29+E2+80+99" already defined
callback.html:234:1 (callback.Rd:138): Warning: <h5> anchor "Usage" already defined
callback.html:244:1 (callback.Rd:146): Warning: <h4> anchor "Method-+E2+80+98continue+28+29+E2+80+99" already defined
callback.html:248:1 (callback.Rd:147): Warning: <h5> anchor "Usage" already defined
callback.html:258:1 (callback.Rd:155): Warning: <h4> anchor "Method-+E2+80+98clone+28+29+E2+80+99" already defined
callback.html:264:1 (callback.Rd:157): Warning: <h5> anchor "Usage" already defined
callback.html:270:1 (callback.Rd:161): Warning: <h5> anchor "Arguments" already defined
callback.html:284:1 (callback.Rd:170): Warning: <h3> anchor "Super-class" already defined
callback.html:290:1 (callback.Rd:173): Warning: <h3> anchor "Methods" already defined
callback.html:294:1 (callback.Rd:174): Warning: <h4> anchor "Public-methods" already defined
callback.html:327:1 (callback.Rd:193): Warning: <h4> anchor "Method-+E2+80+98new+28+29+E2+80+99" already defined
callback.html:331:1 (callback.Rd:194): Warning: <h5> anchor "Usage" already defined
callback.html:341:1 (callback.Rd:202): Warning: <h4> anchor "Method-+E2+80+98receive+28+29+E2+80+99" already defined
callback.html:345:1 (callback.Rd:203): Warning: <h5> anchor "Usage" already defined
callback.html:355:1 (callback.Rd:211): Warning: <h4> anchor "Method-+E2+80+98result+28+29+E2+80+99" already defined
callback.html:359:1 (callback.Rd:212): Warning: <h5> anchor "Usage" already defined
callback.html:369:1 (callback.Rd:220): Warning: <h4> anchor "Method-+E2+80+98finally+28+29+E2+80+99" already defined
callback.html:373:1 (callback.Rd:221): Warning: <h5> anchor "Usage" already defined
callback.html:383:1 (callback.Rd:229): Warning: <h4> anchor "Method-+E2+80+98clone+28+29+E2+80+99" already defined
callback.html:389:1 (callback.Rd:231): Warning: <h5> anchor "Usage" already defined
callback.html:395:1 (callback.Rd:235): Warning: <h5> anchor "Arguments" already defined
callback.html:409:1 (callback.Rd:244): Warning: <h3> anchor "Super-class" already defined
callback.html:415:1 (callback.Rd:247): Warning: <h3> anchor "Methods" already defined
callback.html:419:1 (callback.Rd:248): Warning: <h4> anchor "Public-methods" already defined
callback.html:452:1 (callback.Rd:267): Warning: <h4> anchor "Method-+E2+80+98new+28+29+E2+80+99" already defined
callback.html:456:1 (callback.Rd:268): Warning: <h5> anchor "Usage" already defined
callback.html:466:1 (callback.Rd:276): Warning: <h4> anchor "Method-+E2+80+98receive+28+29+E2+80+99" already defined
callback.html:470:1 (callback.Rd:277): Warning: <h5> anchor "Usage" already defined
callback.html:480:1 (callback.Rd:285): Warning: <h4> anchor "Method-+E2+80+98result+28+29+E2+80+99" already defined
callback.html:484:1 (callback.Rd:286): Warning: <h5> anchor "Usage" already defined
callback.html:494:1 (callback.Rd:294): Warning: <h4> anchor "Method-+E2+80+98finally+28+29+E2+80+99" already defined
callback.html:498:1 (callback.Rd:295): Warning: <h5> anchor "Usage" already defined
callback.html:508:1 (callback.Rd:303): Warning: <h4> anchor "Method-+E2+80+98clone+28+29+E2+80+99" already defined
callback.html:514:1 (callback.Rd:305): Warning: <h5> anchor "Usage" already defined
callback.html:520:1 (callback.Rd:309): Warning: <h5> anchor "Arguments" already defined
callback.html:534:1 (callback.Rd:318): Warning: <h3> anchor "Super-class" already defined
callback.html:540:1 (callback.Rd:321): Warning: <h3> anchor "Methods" already defined
callback.html:544:1 (callback.Rd:322): Warning: <h4> anchor "Public-methods" already defined
callback.html:575:1 (callback.Rd:341): Warning: <h4> anchor "Method-+E2+80+98new+28+29+E2+80+99" already defined
callback.html:579:1 (callback.Rd:342): Warning: <h5> anchor "Usage" already defined
callback.html:589:1 (callback.Rd:350): Warning: <h4> anchor "Method-+E2+80+98receive+28+29+E2+80+99" already defined
callback.html:593:1 (callback.Rd:351): Warning: <h5> anchor "Usage" already defined
callback.html:603:1 (callback.Rd:359): Warning: <h4> anchor "Method-+E2+80+98result+28+29+E2+80+99" already defined
callback.html:607:1 (callback.Rd:360): Warning: <h5> anchor "Usage" already defined
callback.html:617:1 (callback.Rd:368): Warning: <h4> anchor "Method-+E2+80+98clone+28+29+E2+80+99" already defined
callback.html:623:1 (callback.Rd:370): Warning: <h5> anchor "Usage" already defined
callback.html:629:1 (callback.Rd:374): Warning: <h5> anchor "Arguments" already defined
Flavors: r-devel-linux-x86_64-debian-clang, r-devel-linux-x86_64-debian-gcc
Version: 1.0.2
Check: compiled code
Result: NOTE
File 'meltr/libs/x64/meltr.dll':
Found non-API calls to R: 'SETLENGTH', 'SET_GROWABLE_BIT',
'SET_TRUELENGTH'
Compiled code should not call non-API entry points in R.
See 'Writing portable packages' in the 'Writing R Extensions' manual,
and section 'Moving into C API compliance' for issues with the use of
non-API entry points.
Flavors: r-devel-windows-x86_64, r-release-windows-x86_64