CRAN Package Check Results for Package memuse

Last updated on 2025-07-21 08:50:09 CEST.

Flavor Version Tinstall Tcheck Ttotal Status Flags
r-devel-linux-x86_64-debian-clang 4.2-3 8.15 41.65 49.80 NOTE
r-devel-linux-x86_64-debian-gcc 4.2-3 6.31 33.16 39.47 NOTE
r-devel-linux-x86_64-fedora-clang 4.2-3 80.55 OK
r-devel-linux-x86_64-fedora-gcc 4.2-3 88.43 OK
r-devel-windows-x86_64 4.2-3 26.00 72.00 98.00 OK
r-patched-linux-x86_64 4.2-3 7.76 38.77 46.53 OK
r-release-linux-x86_64 4.2-3 6.55 38.97 45.52 OK
r-release-macos-arm64 4.2-3 43.00 OK
r-release-macos-x86_64 4.2-3 71.00 OK
r-release-windows-x86_64 4.2-3 27.00 80.00 107.00 OK
r-oldrel-macos-arm64 4.2-3 51.00 OK
r-oldrel-macos-x86_64 4.2-3 56.00 OK
r-oldrel-windows-x86_64 4.2-3 27.00 71.00 98.00 OK

Check Details

Version: 4.2-3
Check: CRAN incoming feasibility
Result: NOTE Maintainer: ‘Drew Schmidt <wrathematics@gmail.com>’ Package CITATION file contains call(s) to old-style personList() or as.personList(). Please use c() on person objects instead. Package CITATION file contains call(s) to old-style citEntry(). Please use bibentry() instead. Flavors: r-devel-linux-x86_64-debian-clang, r-devel-linux-x86_64-debian-gcc