Last updated on 2025-10-22 05:51:16 CEST.
Flavor | Version | Tinstall | Tcheck | Ttotal | Status | Flags |
---|---|---|---|---|---|---|
r-devel-linux-x86_64-debian-clang | 1.2.2 | 15.57 | 186.25 | 201.82 | NOTE | |
r-devel-linux-x86_64-debian-gcc | 1.2.2 | 12.66 | 137.60 | 150.26 | NOTE | |
r-devel-linux-x86_64-fedora-clang | 1.2.2 | 86.00 | 232.40 | 318.40 | OK | |
r-devel-linux-x86_64-fedora-gcc | 1.2.2 | 36.00 | 274.19 | 310.19 | OK | |
r-devel-windows-x86_64 | 1.2.2 | 18.00 | 200.00 | 218.00 | OK | |
r-patched-linux-x86_64 | 1.2.2 | 18.46 | 175.15 | 193.61 | OK | |
r-release-linux-x86_64 | 1.2.2 | 17.92 | 173.88 | 191.80 | OK | |
r-release-macos-arm64 | 1.2.2 | 8.00 | 86.00 | 94.00 | OK | |
r-release-macos-x86_64 | 1.2.2 | 24.00 | 192.00 | 216.00 | OK | |
r-release-windows-x86_64 | 1.2.2 | 21.00 | 190.00 | 211.00 | OK | |
r-oldrel-macos-arm64 | 1.2.2 | 7.00 | 85.00 | 92.00 | NOTE | |
r-oldrel-macos-x86_64 | 1.2.2 | 16.00 | 177.00 | 193.00 | NOTE | |
r-oldrel-windows-x86_64 | 1.2.2 | 26.00 | 246.00 | 272.00 | NOTE |
Version: 1.2.2
Check: HTML version of manual
Result: NOTE
Found the following HTML validation problems:
MakeQQplot.html:58:1 (MakeQQplot.Rd:16): Warning: missing </ul> before </div>
Flavors: r-devel-linux-x86_64-debian-clang, r-devel-linux-x86_64-debian-gcc
Version: 1.2.2
Check: installed package size
Result: NOTE
installed size is 5.2Mb
sub-directories of 1Mb or more:
data 4.2Mb
Flavors: r-oldrel-macos-arm64, r-oldrel-macos-x86_64, r-oldrel-windows-x86_64