Last updated on 2025-10-24 04:50:58 CEST.
| Flavor | Version | Tinstall | Tcheck | Ttotal | Status | Flags |
|---|---|---|---|---|---|---|
| r-devel-linux-x86_64-debian-clang | 0.7 | 12.31 | 110.81 | 123.12 | NOTE | |
| r-devel-linux-x86_64-debian-gcc | 0.7 | 9.87 | 90.36 | 100.23 | NOTE | |
| r-devel-linux-x86_64-fedora-clang | 0.7 | 37.00 | 162.06 | 199.06 | OK | |
| r-devel-linux-x86_64-fedora-gcc | 0.7 | 27.00 | 172.48 | 199.48 | OK | |
| r-devel-windows-x86_64 | 0.7 | 13.00 | 106.00 | 119.00 | OK | |
| r-patched-linux-x86_64 | 0.7 | 13.32 | 104.67 | 117.99 | OK | |
| r-release-linux-x86_64 | 0.7 | 12.24 | 105.05 | 117.29 | OK | |
| r-release-macos-arm64 | 0.7 | 19.00 | 99.00 | 118.00 | OK | |
| r-release-macos-x86_64 | 0.7 | 23.00 | 195.00 | 218.00 | OK | |
| r-release-windows-x86_64 | 0.7 | 14.00 | 109.00 | 123.00 | OK | |
| r-oldrel-macos-arm64 | 0.7 | 11.00 | 64.00 | 75.00 | OK | |
| r-oldrel-macos-x86_64 | 0.7 | 11.00 | 83.00 | 94.00 | OK | |
| r-oldrel-windows-x86_64 | 0.7 | 18.00 | 130.00 | 148.00 | OK |
Version: 0.7
Check: CRAN incoming feasibility
Result: NOTE
Maintainer: ‘Marc J. Lajeunesse <lajeunesse@usf.edu>’
Package CITATION file contains call(s) to old-style citEntry(). Please
use bibentry() instead.
Flavors: r-devel-linux-x86_64-debian-clang, r-devel-linux-x86_64-debian-gcc