Last updated on 2025-10-24 04:50:58 CEST.
| Flavor | Version | Tinstall | Tcheck | Ttotal | Status | Flags |
|---|---|---|---|---|---|---|
| r-devel-linux-x86_64-debian-clang | 1.1.0 | 22.25 | 760.60 | 782.85 | NOTE | |
| r-devel-linux-x86_64-debian-gcc | 1.1.0 | 14.59 | 423.20 | 437.79 | NOTE | |
| r-devel-linux-x86_64-fedora-clang | 1.1.0 | 49.00 | 806.57 | 855.57 | NOTE | |
| r-devel-linux-x86_64-fedora-gcc | 1.1.0 | 50.00 | 919.49 | 969.49 | NOTE | |
| r-devel-windows-x86_64 | 1.1.0 | 23.00 | 590.00 | 613.00 | OK | |
| r-patched-linux-x86_64 | 1.1.0 | 23.93 | 712.57 | 736.50 | OK | |
| r-release-linux-x86_64 | 1.1.0 | 21.65 | 719.20 | 740.85 | OK | |
| r-release-macos-arm64 | 1.1.0 | 7.00 | 240.00 | 247.00 | OK | |
| r-release-macos-x86_64 | 1.1.0 | 15.00 | 392.00 | 407.00 | OK | |
| r-release-windows-x86_64 | 1.1.0 | 24.00 | 586.00 | 610.00 | OK | |
| r-oldrel-macos-arm64 | 1.1.0 | 9.00 | 202.00 | 211.00 | OK | |
| r-oldrel-macos-x86_64 | 1.1.0 | 16.00 | 470.00 | 486.00 | OK | |
| r-oldrel-windows-x86_64 | 1.1.0 | 33.00 | 889.00 | 922.00 | OK |
Version: 1.1.0
Check: HTML version of manual
Result: NOTE
Found the following HTML validation problems:
metaumbrella-package.html:621:1 (metaumbrella-package.Rd:231): Warning: missing </ul> before </div>
Flavor: r-devel-linux-x86_64-debian-clang
Version: 1.1.0
Check: Rd files
Result: NOTE
checkRd: (-1) metaumbrella-package.Rd:97-103: Only 5 columns allowed in this table (row 1 has 1)
checkRd: (-1) metaumbrella-package.Rd:124-129: Only 5 columns allowed in this table (row 1 has 1)
checkRd: (-1) metaumbrella-package.Rd:124-129: Only 5 columns allowed in this table (row 2 has 1)
checkRd: (-1) metaumbrella-package.Rd:124-129: Only 5 columns allowed in this table (row 3 has 1)
checkRd: (-1) metaumbrella-package.Rd:124-129: Only 5 columns allowed in this table (row 4 has 1)
checkRd: (-1) metaumbrella-package.Rd:124-129: Only 5 columns allowed in this table (row 5 has 1)
checkRd: (-1) metaumbrella-package.Rd:124-129: Only 5 columns allowed in this table (row 6 has 1)
checkRd: (-1) metaumbrella-package.Rd:124-129: Only 5 columns allowed in this table (row 7 has 1)
checkRd: (-1) metaumbrella-package.Rd:124-129: Only 5 columns allowed in this table (row 8 has 1)
checkRd: (-1) metaumbrella-package.Rd:130-133: Only 2 columns allowed in this table (row 1 has 1)
checkRd: (-1) metaumbrella-package.Rd:130-133: Only 2 columns allowed in this table (row 2 has 1)
checkRd: (-1) metaumbrella-package.Rd:130-133: Only 2 columns allowed in this table (row 3 has 1)
checkRd: (-1) metaumbrella-package.Rd:155-163: Only 6 columns allowed in this table (row 1 has 1)
checkRd: (-1) metaumbrella-package.Rd:155-163: Only 6 columns allowed in this table (row 2 has 1)
checkRd: (-1) metaumbrella-package.Rd:155-163: Only 6 columns allowed in this table (row 3 has 1)
checkRd: (-1) metaumbrella-package.Rd:167-172: Only 5 columns allowed in this table (row 1 has 1)
checkRd: (-1) metaumbrella-package.Rd:184-189: Only 6 columns allowed in this table (row 1 has 1)
Flavor: r-devel-linux-x86_64-debian-gcc
Version: 1.1.0
Check: dependencies in R code
Result: NOTE
Namespace in Imports field not imported from: ‘pwr’
All declared Imports should be used.
Flavors: r-devel-linux-x86_64-fedora-clang, r-devel-linux-x86_64-fedora-gcc