CRAN Package Check Results for Package mgc

Last updated on 2025-10-22 05:51:17 CEST.

Flavor Version Tinstall Tcheck Ttotal Status Flags
r-devel-linux-x86_64-debian-clang 2.0.2 29.37 420.60 449.97 NOTE
r-devel-linux-x86_64-debian-gcc 2.0.2 18.91 259.58 278.49 NOTE
r-devel-linux-x86_64-fedora-clang 2.0.2 77.00 653.55 730.55 NOTE
r-devel-linux-x86_64-fedora-gcc 2.0.2 67.00 635.27 702.27 NOTE
r-devel-windows-x86_64 2.0.2 30.00 389.00 419.00 OK
r-patched-linux-x86_64 2.0.2 28.00 397.84 425.84 OK
r-release-linux-x86_64 2.0.2 27.02 394.07 421.09 OK
r-release-macos-arm64 2.0.2 13.00 148.00 161.00 OK
r-release-macos-x86_64 2.0.2 27.00 314.00 341.00 OK
r-release-windows-x86_64 2.0.2 29.00 388.00 417.00 OK
r-oldrel-macos-arm64 2.0.2 12.00 132.00 144.00 NOTE
r-oldrel-macos-x86_64 2.0.2 18.00 231.00 249.00 NOTE
r-oldrel-windows-x86_64 2.0.2 38.00 494.00 532.00 NOTE

Check Details

Version: 2.0.2
Check: HTML version of manual
Result: NOTE Found the following HTML validation problems: gen.sample.labels.html:52:1 (gen.sample.labels.Rd:14): Warning: missing </ul> before </div> mgc.stat.driver.html:66:1 (mgc.stat.driver.Rd:20): Warning: missing </ul> before </div> Flavors: r-devel-linux-x86_64-debian-clang, r-devel-linux-x86_64-debian-gcc

Version: 2.0.2
Check: dependencies in R code
Result: NOTE Namespaces in Imports field not imported from: ‘boot’ ‘energy’ All declared Imports should be used. Flavors: r-devel-linux-x86_64-fedora-clang, r-devel-linux-x86_64-fedora-gcc

Version: 2.0.2
Check: LazyData
Result: NOTE 'LazyData' is specified without a 'data' directory Flavors: r-oldrel-macos-arm64, r-oldrel-macos-x86_64, r-oldrel-windows-x86_64