Last updated on 2025-10-22 05:51:17 CEST.
Flavor | Version | Tinstall | Tcheck | Ttotal | Status | Flags |
---|---|---|---|---|---|---|
r-devel-linux-x86_64-debian-clang | 2.1 | 27.54 | 271.40 | 298.94 | NOTE | |
r-devel-linux-x86_64-debian-gcc | 2.1 | 21.22 | 191.91 | 213.13 | NOTE | |
r-devel-linux-x86_64-fedora-clang | 2.1 | 146.00 | 344.59 | 490.59 | OK | |
r-devel-linux-x86_64-fedora-gcc | 2.1 | 66.00 | 381.33 | 447.33 | OK | |
r-devel-windows-x86_64 | 2.1 | 25.00 | 236.00 | 261.00 | OK | |
r-patched-linux-x86_64 | 2.1 | 26.96 | 256.31 | 283.27 | OK | |
r-release-linux-x86_64 | 2.1 | 28.41 | 253.37 | 281.78 | OK | |
r-release-macos-arm64 | 2.1 | 13.00 | 110.00 | 123.00 | OK | |
r-release-macos-x86_64 | 2.1 | 24.00 | 290.00 | 314.00 | OK | |
r-release-windows-x86_64 | 2.1 | 26.00 | 235.00 | 261.00 | OK | |
r-oldrel-macos-arm64 | 2.1 | 11.00 | 102.00 | 113.00 | OK | |
r-oldrel-macos-x86_64 | 2.1 | 22.00 | 154.00 | 176.00 | OK | |
r-oldrel-windows-x86_64 | 2.1 | 30.00 | 293.00 | 323.00 | OK |
Version: 2.1
Check: CRAN incoming feasibility
Result: NOTE
Maintainer: ‘Stephan Artmann <stephanartmann@gmx.net>’
No Authors@R field in DESCRIPTION.
Please add one, modifying
Authors@R: c(person(given = "Stephan",
family = "Artmann",
role = c("aut", "cre"),
email = "stephanartmann@gmx.net"),
person(given = "Klaus",
family = "Jung",
role = "aut"),
person(given = "Tim",
family = "Beissbarth",
role = "aut"))
as necessary.
Flavors: r-devel-linux-x86_64-debian-clang, r-devel-linux-x86_64-debian-gcc
Version: 2.1
Check: HTML version of manual
Result: NOTE
Found the following HTML validation problems:
limma.one.sided.html:47:1 (limma.one.sided.Rd:7): Warning: missing </ul> before </div>
Flavors: r-devel-linux-x86_64-debian-clang, r-devel-linux-x86_64-debian-gcc