Last updated on 2025-10-24 04:50:58 CEST.
| Flavor | Version | Tinstall | Tcheck | Ttotal | Status | Flags |
|---|---|---|---|---|---|---|
| r-devel-linux-x86_64-debian-clang | 1.1.0 | 2.44 | 25.92 | 28.36 | NOTE | |
| r-devel-linux-x86_64-debian-gcc | 1.1.0 | 1.91 | 20.59 | 22.50 | NOTE | |
| r-devel-linux-x86_64-fedora-clang | 1.1.0 | 43.90 | OK | |||
| r-devel-linux-x86_64-fedora-gcc | 1.1.0 | 40.73 | OK | |||
| r-devel-windows-x86_64 | 1.1.0 | 4.00 | 47.00 | 51.00 | OK | |
| r-patched-linux-x86_64 | 1.1.0 | 2.46 | 24.43 | 26.89 | OK | |
| r-release-linux-x86_64 | 1.1.0 | 2.28 | 24.71 | 26.99 | OK | |
| r-release-macos-arm64 | 1.1.0 | 1.00 | 19.00 | 20.00 | OK | |
| r-release-macos-x86_64 | 1.1.0 | 2.00 | 32.00 | 34.00 | OK | |
| r-release-windows-x86_64 | 1.1.0 | 4.00 | 45.00 | 49.00 | OK | |
| r-oldrel-macos-arm64 | 1.1.0 | 1.00 | 16.00 | 17.00 | OK | |
| r-oldrel-macos-x86_64 | 1.1.0 | 2.00 | 22.00 | 24.00 | OK | |
| r-oldrel-windows-x86_64 | 1.1.0 | 5.00 | 51.00 | 56.00 | OK |
Version: 1.1.0
Check: CRAN incoming feasibility
Result: NOTE
Maintainer: ‘Su Liwen <cpusullivan@163.com>’
No Authors@R field in DESCRIPTION.
Please add one, modifying
Authors@R: person(given = "Su",
family = "Liwen",
role = c("aut", "cre"),
email = "cpusullivan@163.com")
as necessary.
Flavors: r-devel-linux-x86_64-debian-clang, r-devel-linux-x86_64-debian-gcc