Last updated on 2025-10-24 04:50:58 CEST.
| Flavor | Version | Tinstall | Tcheck | Ttotal | Status | Flags |
|---|---|---|---|---|---|---|
| r-devel-linux-x86_64-debian-clang | 1.5.10 | 24.30 | 34.53 | 58.83 | NOTE | |
| r-devel-linux-x86_64-debian-gcc | 1.5.10 | 15.84 | 26.88 | 42.72 | NOTE | |
| r-devel-linux-x86_64-fedora-clang | 1.5.10 | 77.00 | 25.18 | 102.18 | OK | |
| r-devel-linux-x86_64-fedora-gcc | 1.5.10 | 54.00 | 38.47 | 92.47 | OK | |
| r-devel-windows-x86_64 | 1.5.10 | 32.00 | 72.00 | 104.00 | OK | |
| r-patched-linux-x86_64 | 1.5.10 | 26.53 | 31.65 | 58.18 | OK | |
| r-release-linux-x86_64 | 1.5.10 | 24.34 | 31.62 | 55.96 | OK | |
| r-release-macos-arm64 | 1.5.10 | 9.00 | 21.00 | 30.00 | OK | |
| r-release-macos-x86_64 | 1.5.10 | 13.00 | 33.00 | 46.00 | OK | |
| r-release-windows-x86_64 | 1.5.10 | 32.00 | 73.00 | 105.00 | OK | |
| r-oldrel-macos-arm64 | 1.5.10 | 9.00 | 22.00 | 31.00 | OK | |
| r-oldrel-macos-x86_64 | 1.5.10 | 14.00 | 25.00 | 39.00 | OK | |
| r-oldrel-windows-x86_64 | 1.5.10 | 38.00 | 86.00 | 124.00 | OK |
Version: 1.5.10
Check: CRAN incoming feasibility
Result: NOTE
Maintainer: ‘Michele Filosi <michele.filosi@gmail.com>’
Package CITATION file contains call(s) to old-style personList() or
as.personList(). Please use c() on person objects instead.
Package CITATION file contains call(s) to old-style citEntry(). Please
use bibentry() instead.
Flavors: r-devel-linux-x86_64-debian-clang, r-devel-linux-x86_64-debian-gcc