Last updated on 2025-10-22 05:51:17 CEST.
Flavor | Version | Tinstall | Tcheck | Ttotal | Status | Flags |
---|---|---|---|---|---|---|
r-devel-linux-x86_64-debian-clang | 0.3.1 | 3.71 | 62.72 | 66.43 | NOTE | |
r-devel-linux-x86_64-debian-gcc | 0.3.1 | 2.64 | 47.16 | 49.80 | NOTE | |
r-devel-linux-x86_64-fedora-clang | 0.3.1 | 101.46 | OK | |||
r-devel-linux-x86_64-fedora-gcc | 0.3.1 | 171.79 | OK | |||
r-devel-windows-x86_64 | 0.3.1 | 6.00 | 98.00 | 104.00 | OK | |
r-patched-linux-x86_64 | 0.3.1 | 4.27 | 60.15 | 64.42 | OK | |
r-release-linux-x86_64 | 0.3.1 | 4.19 | 60.21 | 64.40 | OK | |
r-release-macos-arm64 | 0.3.1 | 2.00 | 91.00 | 93.00 | OK | |
r-release-macos-x86_64 | 0.3.1 | 3.00 | 167.00 | 170.00 | OK | |
r-release-windows-x86_64 | 0.3.1 | 5.00 | 96.00 | 101.00 | OK | |
r-oldrel-macos-arm64 | 0.3.1 | 2.00 | 88.00 | 90.00 | OK | |
r-oldrel-macos-x86_64 | 0.3.1 | 4.00 | 160.00 | 164.00 | OK | |
r-oldrel-windows-x86_64 | 0.3.1 | 8.00 | 112.00 | 120.00 | OK |
Version: 0.3.1
Check: HTML version of manual
Result: NOTE
Found the following HTML validation problems:
is.online.html:50:1 (is.online.Rd:12): Warning: missing </ul> before </div>
makeLibrary.html:57:1 (makeLibrary.Rd:17): Warning: missing </ul> before </div>
Flavors: r-devel-linux-x86_64-debian-clang, r-devel-linux-x86_64-debian-gcc