Last updated on 2025-10-22 05:51:17 CEST.
Flavor | Version | Tinstall | Tcheck | Ttotal | Status | Flags |
---|---|---|---|---|---|---|
r-devel-linux-x86_64-debian-clang | 0.2.4 | 6.50 | 69.60 | 76.10 | OK | |
r-devel-linux-x86_64-debian-gcc | 0.2.4 | 4.02 | 52.37 | 56.39 | OK | |
r-devel-linux-x86_64-fedora-clang | 0.2.4 | 29.00 | 93.03 | 122.03 | OK | |
r-devel-linux-x86_64-fedora-gcc | 0.2.4 | 13.00 | 112.68 | 125.68 | OK | |
r-devel-windows-x86_64 | 0.2.4 | 8.00 | 78.00 | 86.00 | OK | |
r-patched-linux-x86_64 | 0.2.4 | 6.22 | 66.81 | 73.03 | OK | |
r-release-linux-x86_64 | 0.2.4 | 5.97 | 66.13 | 72.10 | OK | |
r-release-macos-arm64 | 0.2.4 | 2.00 | 38.00 | 40.00 | OK | |
r-release-macos-x86_64 | 0.2.4 | 5.00 | 76.00 | 81.00 | OK | |
r-release-windows-x86_64 | 0.2.4 | 6.00 | 81.00 | 87.00 | OK | |
r-oldrel-macos-arm64 | 0.2.4 | 3.00 | 41.00 | 44.00 | NOTE | |
r-oldrel-macos-x86_64 | 0.2.4 | 5.00 | 56.00 | 61.00 | NOTE | |
r-oldrel-windows-x86_64 | 0.2.4 | 10.00 | 99.00 | 109.00 | NOTE |
Version: 0.2.4
Check: LazyData
Result: NOTE
'LazyData' is specified without a 'data' directory
Flavors: r-oldrel-macos-arm64, r-oldrel-macos-x86_64, r-oldrel-windows-x86_64