Last updated on 2025-10-22 05:51:17 CEST.
Flavor | Version | Tinstall | Tcheck | Ttotal | Status | Flags |
---|---|---|---|---|---|---|
r-devel-linux-x86_64-debian-clang | 2.19.3 | 35.60 | 271.94 | 307.54 | NOTE | |
r-devel-linux-x86_64-debian-gcc | 2.19.3 | 24.81 | 180.44 | 205.25 | NOTE | |
r-devel-linux-x86_64-fedora-clang | 2.19.3 | 148.00 | 338.49 | 486.49 | OK | |
r-devel-linux-x86_64-fedora-gcc | 2.19.3 | 188.00 | 299.55 | 487.55 | OK | |
r-devel-windows-x86_64 | 2.19.3 | 41.00 | 310.00 | 351.00 | OK | |
r-patched-linux-x86_64 | 2.19.3 | 43.65 | 256.63 | 300.28 | OK | |
r-release-linux-x86_64 | 2.19.3 | 36.29 | 253.36 | 289.65 | OK | |
r-release-macos-arm64 | 2.19.3 | 16.00 | 99.00 | 115.00 | OK | |
r-release-macos-x86_64 | 2.19.3 | 40.00 | 230.00 | 270.00 | OK | |
r-release-windows-x86_64 | 2.19.3 | 42.00 | 314.00 | 356.00 | OK | |
r-oldrel-macos-arm64 | 2.19.3 | 15.00 | 100.00 | 115.00 | NOTE | |
r-oldrel-macos-x86_64 | 2.19.3 | 30.00 | 133.00 | 163.00 | NOTE | |
r-oldrel-windows-x86_64 | 2.19.3 | 56.00 | 394.00 | 450.00 | OK |
Version: 2.19.3
Check: HTML version of manual
Result: NOTE
Found the following HTML validation problems:
changeData.html:62:1 (changeData.Rd:20): Warning: missing </ul> before </div>
checkLearner.html:57:1 (checkLearner.Rd:17): Warning: missing </ul> before </div>
estimateResidualVariance.html:67:1 (estimateResidualVariance.Rd:23): Warning: missing </ul> before </div>
getHomogeneousEnsembleModels.html:50:1 (getHomogeneousEnsembleModels.Rd:12): Warning: missing </ul> before </div>
getProbabilities.html:50:1 (getProbabilities.Rd:12): Warning: missing </ul> before </div>
getTaskDescription.html:47:1 (getTaskDescription.Rd:11): Warning: missing </ul> before </div>
hasProperties.html:50:1 (hasProperties.Rd:12): Warning: missing </ul> before </div>
makeBaseWrapper.html:92:1 (makeBaseWrapper.Rd:42): Warning: missing </ul> before </div>
makeChainModel.html:52:1 (makeChainModel.Rd:14): Warning: missing </ul> before </div>
makeTaskDesc.html:84:1 (makeTaskDesc.Rd:45): Warning: missing </ul> before </div>
makeTaskDescInternal.html:77:1 (makeTaskDescInternal.Rd:29): Warning: missing </ul> before </div>
mlrFamilies.html:147:1 (mlrFamilies.Rd:33): Warning: missing </ul> before </div>
setHyperPars2.html:52:1 (setHyperPars2.Rd:14): Warning: missing </ul> before </div>
Flavors: r-devel-linux-x86_64-debian-clang, r-devel-linux-x86_64-debian-gcc
Version: 2.19.3
Check: package dependencies
Result: NOTE
Package suggested but not available for checking: ‘Rmpi’
Flavors: r-oldrel-macos-arm64, r-oldrel-macos-x86_64
Version: 2.19.3
Check: installed package size
Result: NOTE
installed size is 5.6Mb
sub-directories of 1Mb or more:
R 2.0Mb
data 2.3Mb
Flavors: r-oldrel-macos-arm64, r-oldrel-macos-x86_64