Last updated on 2025-10-22 05:51:17 CEST.
Flavor | Version | Tinstall | Tcheck | Ttotal | Status | Flags |
---|---|---|---|---|---|---|
r-devel-linux-x86_64-debian-clang | 0.6.0 | 14.15 | 101.82 | 115.97 | NOTE | |
r-devel-linux-x86_64-debian-gcc | 0.6.0 | 8.33 | 72.45 | 80.78 | NOTE | |
r-devel-linux-x86_64-fedora-clang | 0.6.0 | 80.00 | 103.82 | 183.82 | OK | |
r-devel-linux-x86_64-fedora-gcc | 0.6.0 | 25.00 | 137.54 | 162.54 | OK | |
r-devel-windows-x86_64 | 0.6.0 | 13.00 | 107.00 | 120.00 | OK | |
r-patched-linux-x86_64 | 0.6.0 | 11.56 | 95.54 | 107.10 | OK | |
r-release-linux-x86_64 | 0.6.0 | 12.69 | 96.31 | 109.00 | OK | |
r-release-macos-arm64 | 0.6.0 | 6.00 | 42.00 | 48.00 | OK | |
r-release-macos-x86_64 | 0.6.0 | 19.00 | 146.00 | 165.00 | OK | |
r-release-windows-x86_64 | 0.6.0 | 14.00 | 106.00 | 120.00 | OK | |
r-oldrel-macos-arm64 | 0.6.0 | 5.00 | 39.00 | 44.00 | OK | |
r-oldrel-macos-x86_64 | 0.6.0 | 19.00 | 150.00 | 169.00 | OK | |
r-oldrel-windows-x86_64 | 0.6.0 | 19.00 | 142.00 | 161.00 | OK |
Version: 0.6.0
Check: HTML version of manual
Result: NOTE
Found the following HTML validation problems:
TuningSpace.html:184:1 (TuningSpace.Rd:147): Warning: <h5> anchor "Usage" already defined
TuningSpace.html:190:1 (TuningSpace.Rd:151): Warning: <h5> anchor "Arguments" already defined
TuningSpace.html:223:1 (TuningSpace.Rd:170): Warning: <h5> anchor "Usage" already defined
TuningSpace.html:229:1 (TuningSpace.Rd:174): Warning: <h5> anchor "Arguments" already defined
TuningSpace.html:252:1 (TuningSpace.Rd:187): Warning: <h5> anchor "Usage" already defined
TuningSpace.html:268:1 (TuningSpace.Rd:197): Warning: <h5> anchor "Usage" already defined
TuningSpace.html:274:1 (TuningSpace.Rd:201): Warning: <h5> anchor "Arguments" already defined
TuningSpace.html:297:1 (TuningSpace.Rd:214): Warning: <h5> anchor "Usage" already defined
TuningSpace.html:303:1 (TuningSpace.Rd:218): Warning: <h5> anchor "Arguments" already defined
Flavors: r-devel-linux-x86_64-debian-clang, r-devel-linux-x86_64-debian-gcc