Last updated on 2025-10-22 05:51:17 CEST.
Flavor | Version | Tinstall | Tcheck | Ttotal | Status | Flags |
---|---|---|---|---|---|---|
r-devel-linux-x86_64-debian-clang | 0.5.1-1 | 6.10 | 518.70 | 524.80 | NOTE | |
r-devel-linux-x86_64-debian-gcc | 0.5.1-1 | 4.46 | 356.53 | 360.99 | NOTE | |
r-devel-linux-x86_64-fedora-clang | 0.5.1-1 | 32.00 | 783.11 | 815.11 | OK | |
r-devel-linux-x86_64-fedora-gcc | 0.5.1-1 | 40.00 | 764.78 | 804.78 | OK | |
r-devel-windows-x86_64 | 0.5.1-1 | 8.00 | 511.00 | 519.00 | OK | |
r-patched-linux-x86_64 | 0.5.1-1 | 5.80 | 489.87 | 495.67 | OK | |
r-release-linux-x86_64 | 0.5.1-1 | 5.52 | 481.77 | 487.29 | OK | |
r-release-macos-arm64 | 0.5.1-1 | 3.00 | 245.00 | 248.00 | OK | |
r-release-macos-x86_64 | 0.5.1-1 | 5.00 | 513.00 | 518.00 | OK | |
r-release-windows-x86_64 | 0.5.1-1 | 7.00 | 508.00 | 515.00 | OK | |
r-oldrel-macos-arm64 | 0.5.1-1 | 3.00 | 133.00 | 136.00 | OK | |
r-oldrel-macos-x86_64 | 0.5.1-1 | 8.00 | 421.00 | 429.00 | OK | |
r-oldrel-windows-x86_64 | 0.5.1-1 | 10.00 | 704.00 | 714.00 | OK |
Version: 0.5.1-1
Check: HTML version of manual
Result: NOTE
Found the following HTML validation problems:
captureSpecials.html:48:1 (captureSpecials.Rd:10): Warning: missing </ul> before </div>
Flavors: r-devel-linux-x86_64-debian-clang, r-devel-linux-x86_64-debian-gcc