CRAN Package Check Results for Package mmcif

Last updated on 2025-10-22 05:51:17 CEST.

Flavor Version Tinstall Tcheck Ttotal Status Flags
r-devel-linux-x86_64-debian-clang 0.1.1 216.45 71.19 287.64 NOTE
r-devel-linux-x86_64-debian-gcc 0.1.1 132.71 48.17 180.88 NOTE
r-devel-linux-x86_64-fedora-clang 0.1.1 1020.00 -413.30 606.70 NOTE
r-devel-linux-x86_64-fedora-gcc 0.1.1 1140.00 -583.44 556.56 NOTE
r-devel-windows-x86_64 0.1.1 266.00 104.00 370.00 NOTE
r-patched-linux-x86_64 0.1.1 212.32 61.78 274.10 NOTE
r-release-linux-x86_64 0.1.1 204.81 61.29 266.10 NOTE
r-release-macos-arm64 0.1.1 81.00 48.00 129.00 NOTE
r-release-macos-x86_64 0.1.1 86.00 90.00 176.00 NOTE
r-release-windows-x86_64 0.1.1 256.00 110.00 366.00 NOTE
r-oldrel-macos-arm64 0.1.1 83.00 35.00 118.00 NOTE
r-oldrel-macos-x86_64 0.1.1 61.00 55.00 116.00 NOTE
r-oldrel-windows-x86_64 0.1.1 301.00 142.00 443.00 OK

Check Details

Version: 0.1.1
Check: DESCRIPTION meta-information
Result: NOTE Missing dependency on R >= 4.1.0 because package code uses the pipe |> or function shorthand \(...) syntax added in R 4.1.0. File(s) using such syntax: ‘mmcif_data.Rd’ ‘mmcif_fit.Rd’ ‘mmcif_logLik.Rd’ ‘mmcif_pd_cond.Rd’ ‘mmcif_pd_univariate.Rd’ ‘mmcif_sandwich.Rd’ ‘mmcif_start_values.Rd’ Flavors: r-devel-linux-x86_64-debian-clang, r-devel-linux-x86_64-debian-gcc, r-devel-linux-x86_64-fedora-clang, r-devel-linux-x86_64-fedora-gcc, r-devel-windows-x86_64, r-patched-linux-x86_64, r-release-linux-x86_64, r-release-macos-arm64, r-release-macos-x86_64, r-release-windows-x86_64

Version: 0.1.1
Check: Rd cross-references
Result: NOTE Found the following Rd file(s) with Rd \link{} targets missing package anchors: mmcif_fit.Rd: auglag Please provide package anchors for all Rd \link{} targets not in the package itself and the base packages. Flavors: r-devel-linux-x86_64-debian-clang, r-devel-linux-x86_64-debian-gcc, r-devel-windows-x86_64, r-patched-linux-x86_64, r-release-linux-x86_64, r-release-windows-x86_64

Version: 0.1.1
Check: installed package size
Result: NOTE installed size is 16.8Mb sub-directories of 1Mb or more: doc 1.3Mb libs 15.0Mb Flavors: r-oldrel-macos-arm64, r-oldrel-macos-x86_64