Last updated on 2025-07-22 08:48:37 CEST.
Flavor | Version | Tinstall | Tcheck | Ttotal | Status | Flags |
---|---|---|---|---|---|---|
r-devel-linux-x86_64-debian-clang | 1.0.9 | 2.55 | 55.05 | 57.60 | OK | |
r-devel-linux-x86_64-debian-gcc | 1.0.9 | 1.85 | 38.52 | 40.37 | OK | |
r-devel-linux-x86_64-fedora-clang | 1.0.9 | 88.04 | NOTE | |||
r-devel-linux-x86_64-fedora-gcc | 1.0.9 | 88.42 | NOTE | |||
r-devel-windows-x86_64 | 1.0.9 | 4.00 | 68.00 | 72.00 | OK | |
r-patched-linux-x86_64 | 1.0.9 | 2.79 | 51.02 | 53.81 | OK | |
r-release-linux-x86_64 | 1.0.9 | 2.50 | 52.49 | 54.99 | OK | |
r-release-macos-arm64 | 1.0.9 | 30.00 | OK | |||
r-release-macos-x86_64 | 1.0.9 | 91.00 | OK | |||
r-release-windows-x86_64 | 1.0.9 | 4.00 | 67.00 | 71.00 | OK | |
r-oldrel-macos-arm64 | 1.0.9 | 26.00 | OK | |||
r-oldrel-macos-x86_64 | 1.0.9 | 41.00 | OK | |||
r-oldrel-windows-x86_64 | 1.0.9 | 5.00 | 97.00 | 102.00 | OK |
Version: 1.0.9
Check: dependencies in R code
Result: NOTE
Namespaces in Imports field not imported from:
‘MASS’ ‘Matrix’ ‘magrittr’ ‘reticulate’ ‘tensorflow’ ‘usethis’
All declared Imports should be used.
Flavors: r-devel-linux-x86_64-fedora-clang, r-devel-linux-x86_64-fedora-gcc