Last updated on 2025-10-24 04:50:59 CEST.
| Flavor | Version | Tinstall | Tcheck | Ttotal | Status | Flags |
|---|---|---|---|---|---|---|
| r-devel-linux-x86_64-debian-clang | 1.2.2 | 127.69 | 28.55 | 156.24 | OK | |
| r-devel-linux-x86_64-debian-gcc | 1.2.2 | 94.78 | 22.97 | 117.75 | OK | |
| r-devel-linux-x86_64-fedora-clang | 1.2.2 | 263.00 | 23.75 | 286.75 | OK | |
| r-devel-linux-x86_64-fedora-gcc | 1.2.2 | 206.00 | 87.31 | 293.31 | OK | |
| r-devel-windows-x86_64 | 1.2.2 | 140.00 | 72.00 | 212.00 | OK | |
| r-patched-linux-x86_64 | 1.2.2 | 136.62 | 27.33 | 163.95 | OK | |
| r-release-linux-x86_64 | 1.2.2 | 136.80 | 27.18 | 163.98 | OK | |
| r-release-macos-arm64 | 1.2.2 | 47.00 | 18.00 | 65.00 | OK | |
| r-release-macos-x86_64 | 1.2.2 | 63.00 | 26.00 | 89.00 | OK | |
| r-release-windows-x86_64 | 1.2.2 | 143.00 | 74.00 | 217.00 | OK | |
| r-oldrel-macos-arm64 | 1.2.2 | 44.00 | 17.00 | 61.00 | NOTE | |
| r-oldrel-macos-x86_64 | 1.2.2 | 47.00 | 23.00 | 70.00 | NOTE | |
| r-oldrel-windows-x86_64 | 1.2.2 | 164.00 | 90.00 | 254.00 | OK |
Version: 1.2.2
Check: installed package size
Result: NOTE
installed size is 10.6Mb
sub-directories of 1Mb or more:
libs 10.4Mb
Flavors: r-oldrel-macos-arm64, r-oldrel-macos-x86_64