Last updated on 2025-10-24 04:50:59 CEST.
| Flavor | Version | Tinstall | Tcheck | Ttotal | Status | Flags |
|---|---|---|---|---|---|---|
| r-devel-linux-x86_64-debian-clang | 0.9.6 | 2.09 | 43.25 | 45.34 | NOTE | |
| r-devel-linux-x86_64-debian-gcc | 0.9.6 | 1.52 | 33.26 | 34.78 | OK | |
| r-devel-linux-x86_64-fedora-clang | 0.9.6 | 71.40 | OK | |||
| r-devel-linux-x86_64-fedora-gcc | 0.9.6 | 80.32 | OK | |||
| r-devel-windows-x86_64 | 0.9.6 | 3.00 | 61.00 | 64.00 | OK | |
| r-patched-linux-x86_64 | 0.9.6 | 2.13 | 41.15 | 43.28 | OK | |
| r-release-linux-x86_64 | 0.9.6 | 1.70 | 41.60 | 43.30 | OK | |
| r-release-macos-arm64 | 0.9.6 | 1.00 | 30.00 | 31.00 | OK | |
| r-release-macos-x86_64 | 0.9.6 | 2.00 | 56.00 | 58.00 | OK | |
| r-release-windows-x86_64 | 0.9.6 | 3.00 | 63.00 | 66.00 | OK | |
| r-oldrel-macos-arm64 | 0.9.6 | 1.00 | 29.00 | 30.00 | OK | |
| r-oldrel-macos-x86_64 | 0.9.6 | 2.00 | 42.00 | 44.00 | OK | |
| r-oldrel-windows-x86_64 | 0.9.6 | 5.00 | 76.00 | 81.00 | OK |
Version: 0.9.6
Check: HTML version of manual
Result: NOTE
Found the following HTML validation problems:
pred_se.html:87:1 (pred_se.Rd:35): Warning: missing </ul> before </div>
Flavor: r-devel-linux-x86_64-debian-clang