Last updated on 2025-10-22 05:51:17 CEST.
Flavor | Version | Tinstall | Tcheck | Ttotal | Status | Flags |
---|---|---|---|---|---|---|
r-devel-linux-x86_64-debian-clang | 1.0.13 | 88.72 | 274.83 | 363.55 | NOTE | |
r-devel-linux-x86_64-debian-gcc | 1.0.13 | 62.88 | 188.88 | 251.76 | NOTE | |
r-devel-linux-x86_64-fedora-clang | 1.0.13 | 173.00 | 465.63 | 638.63 | OK | |
r-devel-linux-x86_64-fedora-gcc | 1.0.13 | 155.00 | 454.74 | 609.74 | OK | |
r-devel-windows-x86_64 | 1.0.13 | 104.00 | 243.00 | 347.00 | OK | |
r-patched-linux-x86_64 | 1.0.13 | 89.41 | 314.82 | 404.23 | OK | |
r-release-linux-x86_64 | 1.0.13 | 90.29 | 312.36 | 402.65 | OK | |
r-release-macos-arm64 | 1.0.13 | 34.00 | 131.00 | 165.00 | OK | |
r-release-macos-x86_64 | 1.0.13 | 46.00 | 240.00 | 286.00 | OK | |
r-release-windows-x86_64 | 1.0.13 | 102.00 | 251.00 | 353.00 | OK | |
r-oldrel-macos-arm64 | 1.0.13 | 33.00 | 122.00 | 155.00 | NOTE | |
r-oldrel-macos-x86_64 | 1.0.13 | 46.00 | 245.00 | 291.00 | NOTE | |
r-oldrel-windows-x86_64 | 1.0.13 | 124.00 | 314.00 | 438.00 | OK |
Version: 1.0.13
Check: HTML version of manual
Result: NOTE
Found the following HTML validation problems:
fit_modsem_da.html:62:1 (fit_modsem_da.Rd:20): Warning: missing </ul> before </div>
modsem_coef.html:51:1 (modsem_coef.Rd:12): Warning: missing </ul> before </div>
modsem_nobs.html:51:1 (modsem_nobs.Rd:12): Warning: missing </ul> before </div>
modsem_vcov.html:51:1 (modsem_vcov.Rd:12): Warning: missing </ul> before </div>
var_interactions.html:51:1 (var_interactions.Rd:13): Warning: missing </ul> before </div>
Flavors: r-devel-linux-x86_64-debian-clang, r-devel-linux-x86_64-debian-gcc
Version: 1.0.13
Check: installed package size
Result: NOTE
installed size is 9.7Mb
sub-directories of 1Mb or more:
libs 7.2Mb
Flavors: r-oldrel-macos-arm64, r-oldrel-macos-x86_64