CRAN Package Check Results for Package moments

Last updated on 2025-10-22 05:51:17 CEST.

Flavor Version Tinstall Tcheck Ttotal Status Flags
r-devel-linux-x86_64-debian-clang 0.14.1 1.70 21.35 23.05 NOTE
r-devel-linux-x86_64-debian-gcc 0.14.1 1.78 16.84 18.62 NOTE
r-devel-linux-x86_64-fedora-clang 0.14.1 34.21 OK
r-devel-linux-x86_64-fedora-gcc 0.14.1 32.12 OK
r-devel-windows-x86_64 0.14.1 4.00 38.00 42.00 OK
r-patched-linux-x86_64 0.14.1 2.03 19.65 21.68 OK
r-release-linux-x86_64 0.14.1 1.90 19.82 21.72 OK
r-release-macos-arm64 0.14.1 2.00 18.00 20.00 OK
r-release-macos-x86_64 0.14.1 2.00 25.00 27.00 OK
r-release-windows-x86_64 0.14.1 6.00 42.00 48.00 OK
r-oldrel-macos-arm64 0.14.1 1.00 19.00 20.00 OK
r-oldrel-macos-x86_64 0.14.1 2.00 20.00 22.00 OK
r-oldrel-windows-x86_64 0.14.1 4.00 38.00 42.00 OK

Check Details

Version: 0.14.1
Check: CRAN incoming feasibility
Result: NOTE Maintainer: ‘Lukasz Komsta <lukasz.komsta@umlub.pl>’ No Authors@R field in DESCRIPTION. Please add one, modifying Authors@R: c(person(given = "Lukasz", family = "Komsta", role = c("aut", "cre"), email = "lukasz.komsta@umlub.pl"), person(given = "Frederick", family = "Novomestky", role = "aut", email = "fnovomes@poly.edu")) as necessary. Flavors: r-devel-linux-x86_64-debian-clang, r-devel-linux-x86_64-debian-gcc