CRAN Package Check Results for Package mosaic

Last updated on 2025-07-22 08:48:37 CEST.

Flavor Version Tinstall Tcheck Ttotal Status Flags
r-devel-linux-x86_64-debian-clang 1.9.1 26.25 353.17 379.42 NOTE
r-devel-linux-x86_64-debian-gcc 1.9.1 17.89 227.91 245.80 NOTE
r-devel-linux-x86_64-fedora-clang 1.9.1 596.48 OK
r-devel-linux-x86_64-fedora-gcc 1.9.1 597.52 OK
r-devel-windows-x86_64 1.9.1 26.00 334.00 360.00 NOTE
r-patched-linux-x86_64 1.9.1 23.74 335.50 359.24 NOTE
r-release-linux-x86_64 1.9.1 25.54 337.34 362.88 NOTE
r-release-macos-arm64 1.9.1 152.00 OK
r-release-macos-x86_64 1.9.1 317.00 OK
r-release-windows-x86_64 1.9.1 26.00 336.00 362.00 NOTE
r-oldrel-macos-arm64 1.9.1 149.00 OK
r-oldrel-macos-x86_64 1.9.1 331.00 OK
r-oldrel-windows-x86_64 1.9.1 37.00 471.00 508.00 OK

Check Details

Version: 1.9.1
Check: Rd cross-references
Result: NOTE Found the following Rd file(s) with Rd \link{} targets missing package anchors: chisq.Rd: after_stat freqpolygon.Rd: densityplot plotCumfreq.Rd: densityplot plotModel.Rd: xyplot themes.Rd: trellis.par.set, show.settings xpnorm.Rd: qqmath Please provide package anchors for all Rd \link{} targets not in the package itself and the base packages. Flavors: r-devel-linux-x86_64-debian-clang, r-devel-linux-x86_64-debian-gcc, r-devel-windows-x86_64, r-patched-linux-x86_64, r-release-linux-x86_64, r-release-windows-x86_64