Last updated on 2025-10-22 05:51:17 CEST.
Flavor | Version | Tinstall | Tcheck | Ttotal | Status | Flags |
---|---|---|---|---|---|---|
r-devel-linux-x86_64-debian-clang | 0.2.0 | 7.83 | 115.95 | 123.78 | NOTE | |
r-devel-linux-x86_64-debian-gcc | 0.2.0 | 5.66 | 78.50 | 84.16 | NOTE | |
r-devel-linux-x86_64-fedora-clang | 0.2.0 | 28.00 | 166.26 | 194.26 | OK | |
r-devel-linux-x86_64-fedora-gcc | 0.2.0 | 18.00 | 180.08 | 198.08 | OK | |
r-devel-windows-x86_64 | 0.2.0 | 10.00 | 116.00 | 126.00 | OK | |
r-patched-linux-x86_64 | 0.2.0 | 9.18 | 109.43 | 118.61 | OK | |
r-release-linux-x86_64 | 0.2.0 | 8.29 | 108.74 | 117.03 | OK | |
r-release-macos-arm64 | 0.2.0 | 3.00 | 44.00 | 47.00 | OK | |
r-release-macos-x86_64 | 0.2.0 | 7.00 | 96.00 | 103.00 | OK | |
r-release-windows-x86_64 | 0.2.0 | 12.00 | 120.00 | 132.00 | OK | |
r-oldrel-macos-arm64 | 0.2.0 | 4.00 | 53.00 | 57.00 | OK | |
r-oldrel-macos-x86_64 | 0.2.0 | 10.00 | 104.00 | 114.00 | OK | |
r-oldrel-windows-x86_64 | 0.2.0 | 13.00 | 144.00 | 157.00 | OK |
Version: 0.2.0
Check: HTML version of manual
Result: NOTE
Found the following HTML validation problems:
as.data.frame.sens_each.html:59:1 (as.data.frame.sens_each.Rd:16): Warning: missing </ul> before </div>
parseq_reference.html:50:1 (parseq_reference.Rd:12): Warning: missing </ul> before </div>
Flavors: r-devel-linux-x86_64-debian-clang, r-devel-linux-x86_64-debian-gcc