Last updated on 2025-10-24 04:50:59 CEST.
| Flavor | Version | Tinstall | Tcheck | Ttotal | Status | Flags |
|---|---|---|---|---|---|---|
| r-devel-linux-x86_64-debian-clang | 1.3.3 | 2.65 | 45.79 | 48.44 | NOTE | |
| r-devel-linux-x86_64-debian-gcc | 1.3.3 | 1.96 | 33.67 | 35.63 | NOTE | |
| r-devel-linux-x86_64-fedora-clang | 1.3.3 | 15.00 | 62.34 | 77.34 | OK | |
| r-devel-linux-x86_64-fedora-gcc | 1.3.3 | 82.16 | OK | |||
| r-devel-windows-x86_64 | 1.3.3 | 4.00 | 62.00 | 66.00 | OK | |
| r-patched-linux-x86_64 | 1.3.3 | 3.28 | 42.27 | 45.55 | OK | |
| r-release-linux-x86_64 | 1.3.3 | 2.80 | 42.65 | 45.45 | OK | |
| r-release-macos-arm64 | 1.3.3 | 2.00 | 35.00 | 37.00 | OK | |
| r-release-macos-x86_64 | 1.3.3 | 4.00 | 71.00 | 75.00 | OK | |
| r-release-windows-x86_64 | 1.3.3 | 5.00 | 66.00 | 71.00 | OK | |
| r-oldrel-macos-arm64 | 1.3.3 | 2.00 | 27.00 | 29.00 | NOTE | |
| r-oldrel-macos-x86_64 | 1.3.3 | 2.00 | 55.00 | 57.00 | NOTE | |
| r-oldrel-windows-x86_64 | 1.3.3 | 6.00 | 81.00 | 87.00 | NOTE |
Version: 1.3.3
Check: CRAN incoming feasibility
Result: NOTE
Maintainer: ‘Luca Scrucca <luca.scrucca@unipg.it>’
Package CITATION file contains call(s) to old-style personList() or
as.personList(). Please use c() on person objects instead.
Package CITATION file contains call(s) to old-style citEntry(). Please
use bibentry() instead.
Flavors: r-devel-linux-x86_64-debian-clang, r-devel-linux-x86_64-debian-gcc
Version: 1.3.3
Check: LazyData
Result: NOTE
'LazyData' is specified without a 'data' directory
Flavors: r-oldrel-macos-arm64, r-oldrel-macos-x86_64, r-oldrel-windows-x86_64