Last updated on 2025-10-24 04:50:59 CEST.
| Flavor | Version | Tinstall | Tcheck | Ttotal | Status | Flags |
|---|---|---|---|---|---|---|
| r-devel-linux-x86_64-debian-clang | 1.0.2 | 2.98 | 32.78 | 35.76 | NOTE | |
| r-devel-linux-x86_64-debian-gcc | 1.0.2 | 1.91 | 25.34 | 27.25 | OK | |
| r-devel-linux-x86_64-fedora-clang | 1.0.2 | 53.84 | OK | |||
| r-devel-linux-x86_64-fedora-gcc | 1.0.2 | 51.52 | OK | |||
| r-devel-windows-x86_64 | 1.0.2 | 4.00 | 49.00 | 53.00 | OK | |
| r-patched-linux-x86_64 | 1.0.2 | 3.10 | 30.09 | 33.19 | OK | |
| r-release-linux-x86_64 | 1.0.2 | 2.98 | 30.11 | 33.09 | OK | |
| r-release-macos-arm64 | 1.0.2 | 1.00 | 28.00 | 29.00 | OK | |
| r-release-macos-x86_64 | 1.0.2 | 3.00 | 31.00 | 34.00 | OK | |
| r-release-windows-x86_64 | 1.0.2 | 5.00 | 50.00 | 55.00 | OK | |
| r-oldrel-macos-arm64 | 1.0.2 | 2.00 | 17.00 | 19.00 | OK | |
| r-oldrel-macos-x86_64 | 1.0.2 | 2.00 | 27.00 | 29.00 | OK | |
| r-oldrel-windows-x86_64 | 1.0.2 | 6.00 | 56.00 | 62.00 | OK |
Version: 1.0.2
Check: HTML version of manual
Result: NOTE
Found the following HTML validation problems:
expit.html:46:1 (expit.Rd:10): Warning: missing </ul> before </div>
logit.html:52:1 (logit.Rd:14): Warning: missing </ul> before </div>
Flavor: r-devel-linux-x86_64-debian-clang