Last updated on 2025-10-22 05:51:18 CEST.
Flavor | Version | Tinstall | Tcheck | Ttotal | Status | Flags |
---|---|---|---|---|---|---|
r-devel-linux-x86_64-debian-clang | 2.4.1 | 13.74 | 61.32 | 75.06 | NOTE | |
r-devel-linux-x86_64-debian-gcc | 2.4.1 | 10.54 | 41.77 | 52.31 | NOTE | |
r-devel-linux-x86_64-fedora-clang | 2.4.1 | 40.00 | 81.50 | 121.50 | OK | |
r-devel-linux-x86_64-fedora-gcc | 2.4.1 | 34.00 | 83.96 | 117.96 | OK | |
r-devel-windows-x86_64 | 2.4.1 | 20.00 | 97.00 | 117.00 | OK | |
r-patched-linux-x86_64 | 2.4.1 | 16.36 | 56.67 | 73.03 | OK | |
r-release-linux-x86_64 | 2.4.1 | 15.79 | 58.50 | 74.29 | OK | |
r-release-macos-arm64 | 2.4.1 | 8.00 | 29.00 | 37.00 | OK | |
r-release-macos-x86_64 | 2.4.1 | 10.00 | 50.00 | 60.00 | OK | |
r-release-windows-x86_64 | 2.4.1 | 22.00 | 98.00 | 120.00 | OK | |
r-oldrel-macos-arm64 | 2.4.1 | 8.00 | 27.00 | 35.00 | OK | |
r-oldrel-macos-x86_64 | 2.4.1 | 17.00 | 69.00 | 86.00 | OK | |
r-oldrel-windows-x86_64 | 2.4.1 | 23.00 | 125.00 | 148.00 | OK |
Version: 2.4.1
Check: HTML version of manual
Result: NOTE
Found the following HTML validation problems:
dist.to.matrix.html:46:1 (dist.to.matrix.Rd:10): Warning: missing </ul> before </div>
doubleCenterSymMat.html:50:1 (doubleCenterSymMat.Rd:12): Warning: missing </ul> before </div>
fastEuclideanCdm.html:50:1 (fastEuclideanCdm.Rd:12): Warning: missing </ul> before </div>
p.value.to.star.label.html:46:1 (p.value.to.star.label.Rd:10): Warning: missing </ul> before </div>
Flavors: r-devel-linux-x86_64-debian-clang, r-devel-linux-x86_64-debian-gcc