CRAN Package Check Results for Package multiverse

Last updated on 2025-10-22 05:51:18 CEST.

Flavor Version Tinstall Tcheck Ttotal Status Flags
r-devel-linux-x86_64-debian-clang 0.6.2 7.68 154.39 162.07 NOTE
r-devel-linux-x86_64-debian-gcc 0.6.2 5.49 109.19 114.68 NOTE
r-devel-linux-x86_64-fedora-clang 0.6.2 51.00 219.32 270.32 NOTE
r-devel-linux-x86_64-fedora-gcc 0.6.2 18.00 242.89 260.89 NOTE
r-devel-windows-x86_64 0.6.2 11.00 187.00 198.00 NOTE
r-patched-linux-x86_64 0.6.2 7.79 143.38 151.17 NOTE
r-release-linux-x86_64 0.6.2 7.92 143.40 151.32 NOTE
r-release-macos-arm64 0.6.2 3.00 77.00 80.00 NOTE
r-release-macos-x86_64 0.6.2 11.00 220.00 231.00 NOTE
r-release-windows-x86_64 0.6.2 14.00 186.00 200.00 NOTE
r-oldrel-macos-arm64 0.6.2 3.00 89.00 92.00 OK
r-oldrel-macos-x86_64 0.6.2 6.00 113.00 119.00 OK
r-oldrel-windows-x86_64 0.6.2 15.00 245.00 260.00 OK

Check Details

Version: 0.6.2
Check: DESCRIPTION meta-information
Result: NOTE Missing dependency on R >= 4.1.0 because package code uses the pipe |> or function shorthand \(...) syntax added in R 4.1.0. File(s) using such syntax: ‘accessors.R’ ‘export_json.R’ ‘extract.R’ Flavors: r-devel-linux-x86_64-debian-clang, r-devel-linux-x86_64-debian-gcc, r-devel-linux-x86_64-fedora-clang, r-devel-linux-x86_64-fedora-gcc, r-devel-windows-x86_64, r-patched-linux-x86_64, r-release-linux-x86_64, r-release-macos-arm64, r-release-macos-x86_64, r-release-windows-x86_64

Version: 0.6.2
Check: HTML version of manual
Result: NOTE Found the following HTML validation problems: accessors.html:110:1 (accessors.Rd:70): Warning: missing </ul> before </div> print.html:54:1 (print.Rd:13): Warning: missing </ul> before </div> Flavors: r-devel-linux-x86_64-debian-clang, r-devel-linux-x86_64-debian-gcc