Last updated on 2025-10-22 05:51:18 CEST.
Flavor | Version | Tinstall | Tcheck | Ttotal | Status | Flags |
---|---|---|---|---|---|---|
r-devel-linux-x86_64-debian-clang | 2.1.1 | 11.17 | 102.33 | 113.50 | NOTE | |
r-devel-linux-x86_64-debian-gcc | 2.1.1 | 8.55 | 70.45 | 79.00 | NOTE | |
r-devel-linux-x86_64-fedora-clang | 2.1.1 | 36.00 | 139.15 | 175.15 | OK | |
r-devel-linux-x86_64-fedora-gcc | 2.1.1 | 23.00 | 155.11 | 178.11 | OK | |
r-devel-windows-x86_64 | 2.1.1 | 15.00 | 111.00 | 126.00 | OK | |
r-patched-linux-x86_64 | 2.1.1 | 13.36 | 95.79 | 109.15 | OK | |
r-release-linux-x86_64 | 2.1.1 | 11.62 | 95.30 | 106.92 | OK | |
r-release-macos-arm64 | 2.1.1 | 7.00 | 82.00 | 89.00 | OK | |
r-release-macos-x86_64 | 2.1.1 | 10.00 | 78.00 | 88.00 | OK | |
r-release-windows-x86_64 | 2.1.1 | 15.00 | 110.00 | 125.00 | OK | |
r-oldrel-macos-arm64 | 2.1.1 | 6.00 | 43.00 | 49.00 | OK | |
r-oldrel-macos-x86_64 | 2.1.1 | 8.00 | 64.00 | 72.00 | OK | |
r-oldrel-windows-x86_64 | 2.1.1 | 21.00 | 138.00 | 159.00 | OK |
Version: 2.1.1
Check: CRAN incoming feasibility
Result: NOTE
Maintainer: ‘Damiano Fantini <damiano.fantini@gmail.com>’
No Authors@R field in DESCRIPTION.
Please add one, modifying
Authors@R: c(person(given = "Damiano",
family = "Fantini",
role = c("aut", "cre"),
email = "damiano.fantini@gmail.com"),
person(given = "Vania",
family = "Vidimar",
role = "aut"),
person(given = c("Joshua", "J"),
family = "Meeks",
role = "aut"))
as necessary.
Flavors: r-devel-linux-x86_64-debian-clang, r-devel-linux-x86_64-debian-gcc
Version: 2.1.1
Check: HTML version of manual
Result: NOTE
Found the following HTML validation problems:
as.data.frame-mutSignExposures-method.html:60:1 (as.data.frame-mutSignExposures-method.Rd:17): Warning: missing </ul> before </div>
as.data.frame-mutationCounts-method.html:47:1 (as.data.frame-mutationCounts-method.Rd:11): Warning: missing </ul> before </div>
as.data.frame-mutationSignatures-method.html:47:1 (as.data.frame-mutationSignatures-method.Rd:11): Warning: missing </ul> before </div>
as.list-mutFrameworkParams-method.html:47:1 (as.list-mutFrameworkParams-method.Rd:11): Warning: missing </ul> before </div>
as.list-mutationSignatures-method.html:47:1 (as.list-mutationSignatures-method.Rd:11): Warning: missing </ul> before </div>
as.matrix-mutationCounts-method.html:47:1 (as.matrix-mutationCounts-method.Rd:11): Warning: missing </ul> before </div>
as.mutation.counts.html:57:1 (as.mutation.counts.Rd:18): Warning: missing </ul> before </div>
as.mutation.signatures.html:49:1 (as.mutation.signatures.Rd:13): Warning: missing </ul> before </div>
as.mutsign.exposures.html:54:1 (as.mutsign.exposures.Rd:16): Warning: missing </ul> before </div>
coerceObj-methods.html:71:1 (coerceObj-methods.Rd:29): Warning: missing </ul> before </div>
getCounts.html:49:1 (getCounts.Rd:13): Warning: missing </ul> before </div>
getFwkParam.html:53:1 (getFwkParam.Rd:15): Warning: missing </ul> before </div>
getMutationTypes.html:53:1 (getMutationTypes.Rd:17): Warning: missing </ul> before </div>
getSampleIdentifiers.html:53:1 (getSampleIdentifiers.Rd:17): Warning: missing </ul> before </div>
getSignatureIdentifiers.html:53:1 (getSignatureIdentifiers.Rd:17): Warning: missing </ul> before </div>
msigPlot.html:68:1 (msigPlot.Rd:30): Warning: missing </ul> before </div>
mutFrameworkParams-show.html:56:1 (mutFrameworkParams-show.Rd:15): Warning: missing </ul> before </div>
mutSignExposures-show.html:56:1 (mutSignExposures-show.Rd:15): Warning: missing </ul> before </div>
mutationCounts-show.html:56:1 (mutationCounts-show.Rd:15): Warning: missing </ul> before </div>
mutationSignatures-show.html:56:1 (mutationSignatures-show.Rd:15): Warning: missing </ul> before </div>
setFwkParam.html:59:1 (setFwkParam.Rd:18): Warning: missing </ul> before </div>
sub-mutSignExposures-numeric-ANY-ANY-method.html:51:1 (sub-mutSignExposures-numeric-ANY-ANY-method.Rd:14): Warning: missing </ul> before </div>
sub-mutationCounts-numeric-ANY-ANY-method.html:51:1 (sub-mutationCounts-numeric-ANY-ANY-method.Rd:14): Warning: missing </ul> before </div>
sub-mutationSignatures-numeric-ANY-ANY-method.html:51:1 (sub-mutationSignatures-numeric-ANY-ANY-method.Rd:14): Warning: missing </ul> before </div>
Flavors: r-devel-linux-x86_64-debian-clang, r-devel-linux-x86_64-debian-gcc