Last updated on 2025-10-24 04:50:59 CEST.
| Flavor | Version | Tinstall | Tcheck | Ttotal | Status | Flags |
|---|---|---|---|---|---|---|
| r-devel-linux-x86_64-debian-clang | 1.2-4 | 12.21 | 76.63 | 88.84 | NOTE | |
| r-devel-linux-x86_64-debian-gcc | 1.2-4 | 9.25 | 53.19 | 62.44 | OK | |
| r-devel-linux-x86_64-fedora-clang | 1.2-4 | 32.00 | 108.08 | 140.08 | OK | |
| r-devel-linux-x86_64-fedora-gcc | 1.2-4 | 25.00 | 105.46 | 130.46 | OK | |
| r-devel-windows-x86_64 | 1.2-4 | 13.00 | 80.00 | 93.00 | OK | |
| r-patched-linux-x86_64 | 1.2-4 | 10.34 | 73.34 | 83.68 | OK | |
| r-release-linux-x86_64 | 1.2-4 | 11.31 | 72.50 | 83.81 | OK | |
| r-release-macos-arm64 | 1.2-4 | 6.00 | 33.00 | 39.00 | OK | |
| r-release-macos-x86_64 | 1.2-4 | 16.00 | 69.00 | 85.00 | OK | |
| r-release-windows-x86_64 | 1.2-4 | 13.00 | 82.00 | 95.00 | OK | |
| r-oldrel-macos-arm64 | 1.2-4 | 5.00 | 31.00 | 36.00 | OK | |
| r-oldrel-macos-x86_64 | 1.2-4 | 8.00 | 70.00 | 78.00 | OK | |
| r-oldrel-windows-x86_64 | 1.2-4 | 18.00 | 103.00 | 121.00 | OK |
Version: 1.2-4
Check: HTML version of manual
Result: NOTE
Found the following HTML validation problems:
NB_cre.html:69:1 (NB_cre.Rd:27): Warning: missing </ul> before </div>
NB_mov.html:69:1 (NB_mov.Rd:27): Warning: missing </ul> before </div>
N_mov.html:69:1 (N_mov.Rd:27): Warning: missing </ul> before </div>
PB_cre.html:76:1 (PB_cre.Rd:31): Warning: missing </ul> before </div>
binary_cre.html:69:1 (binary_cre.Rd:27): Warning: missing </ul> before </div>
normal_cre.html:69:1 (normal_cre.Rd:27): Warning: missing </ul> before </div>
poisson_cre.html:76:1 (poisson_cre.Rd:31): Warning: missing </ul> before </div>
Flavor: r-devel-linux-x86_64-debian-clang