Last updated on 2025-10-24 04:50:59 CEST.
| Flavor | Version | Tinstall | Tcheck | Ttotal | Status | Flags |
|---|---|---|---|---|---|---|
| r-devel-linux-x86_64-debian-clang | 1.1.0 | 1.42 | 22.26 | 23.68 | NOTE | |
| r-devel-linux-x86_64-debian-gcc | 1.1.0 | 1.31 | 18.78 | 20.09 | OK | |
| r-devel-linux-x86_64-fedora-clang | 1.1.0 | 33.13 | OK | |||
| r-devel-linux-x86_64-fedora-gcc | 1.1.0 | 31.33 | OK | |||
| r-devel-windows-x86_64 | 1.1.0 | 3.00 | 45.00 | 48.00 | OK | |
| r-patched-linux-x86_64 | 1.1.0 | 1.61 | 20.17 | 21.78 | OK | |
| r-release-linux-x86_64 | 1.1.0 | 1.44 | 20.01 | 21.45 | OK | |
| r-release-macos-arm64 | 1.1.0 | 1.00 | 17.00 | 18.00 | OK | |
| r-release-macos-x86_64 | 1.1.0 | 3.00 | 36.00 | 39.00 | OK | |
| r-release-windows-x86_64 | 1.1.0 | 4.00 | 45.00 | 49.00 | OK | |
| r-oldrel-macos-arm64 | 1.1.0 | 1.00 | 20.00 | 21.00 | OK | |
| r-oldrel-macos-x86_64 | 1.1.0 | 2.00 | 28.00 | 30.00 | OK | |
| r-oldrel-windows-x86_64 | 1.1.0 | 4.00 | 50.00 | 54.00 | OK |
Version: 1.1.0
Check: HTML version of manual
Result: NOTE
Found the following HTML validation problems:
suppress_olw.html:46:1 (suppress_olw.Rd:10): Warning: missing </ul> before </div>
Flavor: r-devel-linux-x86_64-debian-clang