CRAN Package Check Results for Package naniar

Last updated on 2025-10-22 05:51:18 CEST.

Flavor Version Tinstall Tcheck Ttotal Status Flags
r-devel-linux-x86_64-debian-clang 1.1.0 9.38 190.10 199.48 NOTE
r-devel-linux-x86_64-debian-gcc 1.1.0 5.83 131.60 137.43 NOTE
r-devel-linux-x86_64-fedora-clang 1.1.0 23.00 283.52 306.52 NOTE
r-devel-linux-x86_64-fedora-gcc 1.1.0 18.00 277.64 295.64 NOTE
r-devel-windows-x86_64 1.1.0 11.00 200.00 211.00 NOTE
r-patched-linux-x86_64 1.1.0 10.15 177.42 187.57 NOTE
r-release-linux-x86_64 1.1.0 8.69 178.02 186.71 NOTE
r-release-macos-arm64 1.1.0 4.00 74.00 78.00 NOTE
r-release-macos-x86_64 1.1.0 7.00 145.00 152.00 OK
r-release-windows-x86_64 1.1.0 11.00 197.00 208.00 NOTE
r-oldrel-macos-arm64 1.1.0 4.00 68.00 72.00 OK
r-oldrel-macos-x86_64 1.1.0 5.00 139.00 144.00 OK
r-oldrel-windows-x86_64 1.1.0 14.00 248.00 262.00 OK

Check Details

Version: 1.1.0
Check: DESCRIPTION meta-information
Result: NOTE Missing dependency on R >= 4.1.0 because package code uses the pipe |> or function shorthand \(...) syntax added in R 4.1.0. File(s) using such syntax: ‘impute_below.Rd’ ‘impute_factor.Rd’ ‘impute_fixed.Rd’ ‘impute_mean.Rd’ ‘impute_median.Rd’ ‘impute_mode.Rd’ ‘impute_zero.Rd’ ‘replace_na_with.Rd’ Flavors: r-devel-linux-x86_64-debian-clang, r-devel-linux-x86_64-debian-gcc, r-devel-linux-x86_64-fedora-clang, r-devel-linux-x86_64-fedora-gcc, r-devel-windows-x86_64, r-patched-linux-x86_64, r-release-linux-x86_64, r-release-macos-arm64, r-release-windows-x86_64

Version: 1.1.0
Check: HTML version of manual
Result: NOTE Found the following HTML validation problems: impute_below.numeric.html:69:1 (impute_below.numeric.Rd:24): Warning: missing </ul> before </div> miss-pct-prop-defunct.html:60:1 (miss-pct-prop-defunct.Rd:32): Warning: missing </ul> before </div> plotly_helpers.html:71:1 (plotly_helpers.Rd:22): Warning: missing </ul> before </div> stat_miss_point.html:122:1 (stat_miss_point.Rd:60): Warning: missing </ul> before </div> Flavors: r-devel-linux-x86_64-debian-clang, r-devel-linux-x86_64-debian-gcc