Last updated on 2025-10-24 04:50:59 CEST.
| Flavor | Version | Tinstall | Tcheck | Ttotal | Status | Flags |
|---|---|---|---|---|---|---|
| r-devel-linux-x86_64-debian-clang | 0.2.2 | 5.35 | 48.58 | 53.93 | OK | |
| r-devel-linux-x86_64-debian-gcc | 0.2.2 | 2.52 | 35.20 | 37.72 | OK | |
| r-devel-linux-x86_64-fedora-clang | 0.2.2 | 13.00 | 74.27 | 87.27 | NOTE | |
| r-devel-linux-x86_64-fedora-gcc | 0.2.2 | 12.00 | 68.30 | 80.30 | NOTE | |
| r-devel-windows-x86_64 | 0.2.2 | 6.00 | 65.00 | 71.00 | OK | |
| r-patched-linux-x86_64 | 0.2.2 | 5.84 | 46.02 | 51.86 | OK | |
| r-release-linux-x86_64 | 0.2.2 | 4.71 | 46.31 | 51.02 | OK | |
| r-release-macos-arm64 | 0.2.2 | 2.00 | 23.00 | 25.00 | OK | |
| r-release-macos-x86_64 | 0.2.2 | 4.00 | 36.00 | 40.00 | OK | |
| r-release-windows-x86_64 | 0.2.2 | 6.00 | 65.00 | 71.00 | OK | |
| r-oldrel-macos-arm64 | 0.2.2 | 2.00 | 27.00 | 29.00 | OK | |
| r-oldrel-macos-x86_64 | 0.2.2 | 4.00 | 50.00 | 54.00 | OK | |
| r-oldrel-windows-x86_64 | 0.2.2 | 7.00 | 78.00 | 85.00 | OK |
Version: 0.2.2
Check: dependencies in R code
Result: NOTE
Namespace in Imports field not imported from: ‘Rdpack’
All declared Imports should be used.
Flavors: r-devel-linux-x86_64-fedora-clang, r-devel-linux-x86_64-fedora-gcc