Last updated on 2025-10-22 05:51:18 CEST.
Flavor | Version | Tinstall | Tcheck | Ttotal | Status | Flags |
---|---|---|---|---|---|---|
r-devel-linux-x86_64-debian-clang | 0.2.0.1 | 5.54 | 48.97 | 54.51 | NOTE | |
r-devel-linux-x86_64-debian-gcc | 0.2.0.1 | 4.28 | 36.77 | 41.05 | NOTE | |
r-devel-linux-x86_64-fedora-clang | 0.2.0.1 | 47.00 | 40.74 | 87.74 | OK | |
r-devel-linux-x86_64-fedora-gcc | 0.2.0.1 | 13.00 | 74.35 | 87.35 | OK | |
r-devel-windows-x86_64 | 0.2.0.1 | 8.00 | 80.00 | 88.00 | OK | |
r-patched-linux-x86_64 | 0.2.0.1 | 6.08 | 47.19 | 53.27 | OK | |
r-release-linux-x86_64 | 0.2.0.1 | 5.05 | 47.18 | 52.23 | OK | |
r-release-macos-arm64 | 0.2.0.1 | 4.00 | 30.00 | 34.00 | OK | |
r-release-macos-x86_64 | 0.2.0.1 | 5.00 | 67.00 | 72.00 | OK | |
r-release-windows-x86_64 | 0.2.0.1 | 8.00 | 81.00 | 89.00 | OK | |
r-oldrel-macos-arm64 | 0.2.0.1 | 3.00 | 30.00 | 33.00 | OK | |
r-oldrel-macos-x86_64 | 0.2.0.1 | 4.00 | 51.00 | 55.00 | OK | |
r-oldrel-windows-x86_64 | 0.2.0.1 | 10.00 | 97.00 | 107.00 | OK |
Version: 0.2.0.1
Check: HTML version of manual
Result: NOTE
Found the following HTML validation problems:
getHandSetIndices.html:59:1 (getHandSetIndices.Rd:17): Warning: missing </ul> before </div>
resolve.html:67:1 (resolve.Rd:21): Warning: missing </ul> before </div>
Flavors: r-devel-linux-x86_64-debian-clang, r-devel-linux-x86_64-debian-gcc